Last updated on 2025-10-24 01:50:28 CEST.
| Flavor | Version | Tinstall | Tcheck | Ttotal | Status | Flags |
|---|---|---|---|---|---|---|
| r-devel-linux-x86_64-debian-clang | 1.1 | 6.99 | 56.45 | 63.44 | OK | |
| r-devel-linux-x86_64-debian-gcc | 1.1 | 5.29 | 42.31 | 47.60 | NOTE | |
| r-devel-linux-x86_64-fedora-clang | 1.1 | 37.00 | 62.53 | 99.53 | OK | |
| r-devel-linux-x86_64-fedora-gcc | 1.1 | 13.00 | 73.24 | 86.24 | OK | |
| r-devel-windows-x86_64 | 1.1 | 7.00 | 66.00 | 73.00 | OK | |
| r-patched-linux-x86_64 | 1.1 | 6.03 | 53.06 | 59.09 | OK | |
| r-release-linux-x86_64 | 1.1 | 6.92 | 54.13 | 61.05 | OK | |
| r-release-macos-arm64 | 1.1 | 4.00 | 30.00 | 34.00 | OK | |
| r-release-macos-x86_64 | 1.1 | 7.00 | 48.00 | 55.00 | OK | |
| r-release-windows-x86_64 | 1.1 | 7.00 | 66.00 | 73.00 | OK | |
| r-oldrel-macos-arm64 | 1.1 | 3.00 | 27.00 | 30.00 | OK | |
| r-oldrel-macos-x86_64 | 1.1 | 4.00 | 40.00 | 44.00 | OK | |
| r-oldrel-windows-x86_64 | 1.1 | 10.00 | 85.00 | 95.00 | OK |
Version: 1.1
Check: Rd files
Result: NOTE
checkRd: (-1) gp-package.Rd:11-17: Only 3 columns allowed in this table (row 1 has 2)
checkRd: (-1) gp-package.Rd:11-17: Only 3 columns allowed in this table (row 2 has 2)
checkRd: (-1) gp-package.Rd:11-17: Only 3 columns allowed in this table (row 3 has 2)
checkRd: (-1) gp-package.Rd:11-17: Only 3 columns allowed in this table (row 4 has 2)
checkRd: (-1) gp-package.Rd:11-17: Only 3 columns allowed in this table (row 5 has 2)
Flavor: r-devel-linux-x86_64-debian-gcc
These binaries (installable software) and packages are in development.
They may not be fully stable and should be used with caution. We make no claims about them.