CRAN Package Check Results for Package gpcp

Last updated on 2025-07-19 21:49:37 CEST.

Flavor Version Tinstall Tcheck Ttotal Status Flags
r-devel-linux-x86_64-debian-clang 0.1.0 67.39 418.63 486.02 OK
r-devel-linux-x86_64-debian-gcc 0.1.0 48.83 300.91 349.74 OK
r-devel-linux-x86_64-fedora-clang 0.1.0 745.48 NOTE
r-devel-linux-x86_64-fedora-gcc 0.1.0 699.55 NOTE
r-devel-windows-x86_64 0.1.0 67.00 340.00 407.00 OK
r-patched-linux-x86_64 0.1.0 56.63 395.22 451.85 OK
r-release-linux-x86_64 0.1.0 59.21 391.66 450.87 OK
r-release-macos-arm64 0.1.0 275.00 OK
r-release-macos-x86_64 0.1.0 378.00 OK
r-release-windows-x86_64 0.1.0 69.00 341.00 410.00 OK
r-oldrel-macos-arm64 0.1.0 245.00 OK
r-oldrel-macos-x86_64 0.1.0 349.00 OK
r-oldrel-windows-x86_64 0.1.0 87.00 461.00 548.00 OK

Check Details

Version: 0.1.0
Check: dependencies in R code
Result: NOTE Namespaces in Imports field not imported from: ‘BiocManager’ ‘snpStats’ All declared Imports should be used. Flavors: r-devel-linux-x86_64-fedora-clang, r-devel-linux-x86_64-fedora-gcc

These binaries (installable software) and packages are in development.
They may not be fully stable and should be used with caution. We make no claims about them.