Last updated on 2025-02-02 14:48:24 CET.
Flavor | Version | Tinstall | Tcheck | Ttotal | Status | Flags |
---|---|---|---|---|---|---|
r-devel-linux-x86_64-debian-clang | 0.6.2 | 3.38 | 36.60 | 39.98 | NOTE | |
r-devel-linux-x86_64-debian-gcc | 0.6.2 | 2.54 | 26.57 | 29.11 | NOTE | |
r-devel-linux-x86_64-fedora-clang | 0.6.2 | 66.75 | NOTE | |||
r-devel-linux-x86_64-fedora-gcc | 0.6.2 | 79.18 | NOTE | |||
r-devel-windows-x86_64 | 0.6.2 | 4.00 | 62.00 | 66.00 | NOTE | |
r-patched-linux-x86_64 | 0.6.2 | 3.86 | 34.49 | 38.35 | OK | |
r-release-linux-x86_64 | 0.6.2 | 2.70 | 34.33 | 37.03 | OK | |
r-release-macos-arm64 | 0.6.2 | 30.00 | OK | |||
r-release-macos-x86_64 | 0.6.2 | 78.00 | OK | |||
r-release-windows-x86_64 | 0.6.2 | 6.00 | 62.00 | 68.00 | OK | |
r-oldrel-macos-arm64 | 0.6.2 | 40.00 | OK | |||
r-oldrel-macos-x86_64 | 0.6.2 | 75.00 | OK | |||
r-oldrel-windows-x86_64 | 0.6.2 | 5.00 | 70.00 | 75.00 | OK |
Version: 0.6.2
Check: DESCRIPTION meta-information
Result: NOTE
Missing dependency on R >= 4.1.0 because package code uses the pipe
|> or function shorthand \(...) syntax added in R 4.1.0.
File(s) using such syntax:
‘splice.R’
Flavors: r-devel-linux-x86_64-debian-clang, r-devel-linux-x86_64-debian-gcc, r-devel-linux-x86_64-fedora-clang, r-devel-linux-x86_64-fedora-gcc, r-devel-windows-x86_64
These binaries (installable software) and packages are in development.
They may not be fully stable and should be used with caution. We make no claims about them.