Last updated on 2025-10-10 05:50:02 CEST.
Flavor | Version | Tinstall | Tcheck | Ttotal | Status | Flags |
---|---|---|---|---|---|---|
r-devel-linux-x86_64-debian-clang | 1.0 | 2.09 | 51.14 | 53.23 | NOTE | |
r-devel-linux-x86_64-debian-gcc | 1.0 | 1.49 | 39.81 | 41.30 | NOTE | |
r-devel-linux-x86_64-fedora-clang | 1.0 | 78.27 | OK | |||
r-devel-linux-x86_64-fedora-gcc | 1.0 | 76.65 | OK | |||
r-devel-windows-x86_64 | 1.0 | 3.00 | 88.00 | 91.00 | OK | |
r-patched-linux-x86_64 | 1.0 | 3.43 | 48.62 | 52.05 | OK | |
r-release-linux-x86_64 | 1.0 | 1.72 | 48.74 | 50.46 | OK | |
r-release-macos-arm64 | 1.0 | 37.00 | OK | |||
r-release-macos-x86_64 | 1.0 | 54.00 | OK | |||
r-release-windows-x86_64 | 1.0 | 4.00 | 122.00 | 126.00 | OK | |
r-oldrel-macos-arm64 | 1.0 | 33.00 | OK | |||
r-oldrel-macos-x86_64 | 1.0 | 46.00 | OK | |||
r-oldrel-windows-x86_64 | 1.0 | 4.00 | 85.00 | 89.00 | OK |
Version: 1.0
Check: CRAN incoming feasibility
Result: NOTE
Maintainer: ‘Prabhanjan Tattar <prabhanjannt@gmail.com>’
No Authors@R field in DESCRIPTION.
Please add one, modifying
Authors@R: person(given = "Prabhanjan",
family = "Tattar",
role = c("aut", "cre"),
email = "prabhanjannt@gmail.com")
as necessary.
Flavors: r-devel-linux-x86_64-debian-clang, r-devel-linux-x86_64-debian-gcc
These binaries (installable software) and packages are in development.
They may not be fully stable and should be used with caution. We make no claims about them.