Last updated on 2025-05-01 14:49:11 CEST.
Flavor | Version | Tinstall | Tcheck | Ttotal | Status | Flags |
---|---|---|---|---|---|---|
r-devel-linux-x86_64-debian-clang | 0.0.12 | 3.49 | 78.98 | 82.47 | NOTE | |
r-devel-linux-x86_64-debian-gcc | 0.0.12 | 2.58 | 54.79 | 57.37 | OK | |
r-devel-linux-x86_64-fedora-clang | 0.0.12 | 128.94 | OK | |||
r-devel-linux-x86_64-fedora-gcc | 0.0.12 | 140.77 | OK | |||
r-devel-windows-x86_64 | 0.0.12 | 6.00 | 94.00 | 100.00 | OK | |
r-patched-linux-x86_64 | 0.0.12 | 3.85 | 73.10 | 76.95 | OK | |
r-release-linux-x86_64 | OK | |||||
r-release-macos-arm64 | 0.0.12 | 48.00 | OK | |||
r-release-macos-x86_64 | 0.0.12 | 91.00 | OK | |||
r-release-windows-x86_64 | 0.0.12 | 7.00 | 101.00 | 108.00 | OK | |
r-oldrel-macos-arm64 | 0.0.12 | 49.00 | OK | |||
r-oldrel-macos-x86_64 | 0.0.12 | 163.00 | OK | |||
r-oldrel-windows-x86_64 | 0.0.12 | 5.00 | 112.00 | 117.00 | OK |
Version: 0.0.12
Check: examples
Result: NOTE
Examples with CPU (user + system) or elapsed time > 5s
user system elapsed
gpkg_bbox 7.155 0.037 8.455
Flavor: r-devel-linux-x86_64-debian-clang
These binaries (installable software) and packages are in development.
They may not be fully stable and should be used with caution. We make no claims about them.