Last updated on 2025-05-01 12:49:29 CEST.
Flavor | Version | Tinstall | Tcheck | Ttotal | Status | Flags |
---|---|---|---|---|---|---|
r-devel-linux-x86_64-debian-clang | 0.2.3 | 7.89 | 71.99 | 79.88 | NOTE | |
r-devel-linux-x86_64-debian-gcc | 0.2.3 | 5.23 | 51.98 | 57.21 | NOTE | |
r-devel-linux-x86_64-fedora-clang | 0.2.3 | 119.50 | OK | |||
r-devel-linux-x86_64-fedora-gcc | 0.2.3 | 129.13 | OK | |||
r-devel-windows-x86_64 | 0.2.3 | 12.00 | 113.00 | 125.00 | OK | |
r-patched-linux-x86_64 | 0.2.3 | 8.47 | 67.62 | 76.09 | OK | |
r-release-linux-x86_64 | OK | |||||
r-release-macos-arm64 | 0.2.3 | 102.00 | OK | |||
r-release-macos-x86_64 | 0.2.3 | 118.00 | OK | |||
r-release-windows-x86_64 | 0.2.3 | 11.00 | 118.00 | 129.00 | OK | |
r-oldrel-macos-arm64 | 0.2.3 | 87.00 | OK | |||
r-oldrel-macos-x86_64 | 0.2.3 | 126.00 | OK | |||
r-oldrel-windows-x86_64 | 0.2.3 | 11.00 | 124.00 | 135.00 | OK |
Version: 0.2.3
Check: CRAN incoming feasibility
Result: NOTE
Maintainer: ‘Liis Kolberg <liis.kolberg@ut.ee>’
No Authors@R field in DESCRIPTION.
Please add one, modifying
Authors@R: c(person(given = "Liis",
family = "Kolberg",
role = c("aut", "cre"),
email = "liis.kolberg@ut.ee"),
person(given = "Uku",
family = "Raudvere",
role = "aut",
email = "uku.raudvere@ut.ee"))
as necessary.
Flavors: r-devel-linux-x86_64-debian-clang, r-devel-linux-x86_64-debian-gcc
These binaries (installable software) and packages are in development.
They may not be fully stable and should be used with caution. We make no claims about them.