Last updated on 2025-11-03 19:50:01 CET.
| Flavor | Version | Tinstall | Tcheck | Ttotal | Status | Flags |
|---|---|---|---|---|---|---|
| r-devel-linux-x86_64-debian-clang | 1.2 | 9.18 | 62.70 | 71.88 | NOTE | |
| r-devel-linux-x86_64-debian-gcc | 1.2 | 7.87 | 45.84 | 53.71 | NOTE | |
| r-devel-linux-x86_64-fedora-clang | 1.2 | 47.00 | 72.03 | 119.03 | OK | |
| r-devel-linux-x86_64-fedora-gcc | 1.2 | 25.00 | 82.63 | 107.63 | OK | |
| r-devel-windows-x86_64 | 1.2 | 15.00 | 76.00 | 91.00 | OK | |
| r-patched-linux-x86_64 | 1.2 | 9.88 | 59.54 | 69.42 | OK | |
| r-release-linux-x86_64 | 1.2 | 9.70 | 59.82 | 69.52 | OK | |
| r-release-macos-arm64 | 1.2 | 7.00 | 34.00 | 41.00 | OK | |
| r-release-macos-x86_64 | 1.2 | 17.00 | 83.00 | 100.00 | OK | |
| r-release-windows-x86_64 | 1.2 | 15.00 | 73.00 | 88.00 | OK | |
| r-oldrel-macos-arm64 | 1.2 | 6.00 | 29.00 | 35.00 | OK | |
| r-oldrel-macos-x86_64 | 1.2 | 13.00 | 75.00 | 88.00 | OK | |
| r-oldrel-windows-x86_64 | 1.2 | 18.00 | 93.00 | 111.00 | OK |
Version: 1.2
Check: CRAN incoming feasibility
Result: NOTE
Maintainer: ‘Zheyuan Li <zheyuan.li@bath.edu>’
The Description field contains
difference penalty, proposed by Li and Cao (2022) <arXiv:2201.06808>.
Please refer to arXiv e-prints via their arXiv DOI <doi:10.48550/arXiv.YYMM.NNNNN>.
Flavors: r-devel-linux-x86_64-debian-clang, r-devel-linux-x86_64-debian-gcc
These binaries (installable software) and packages are in development.
They may not be fully stable and should be used with caution. We make no claims about them.