Last updated on 2025-10-10 05:50:02 CEST.
Flavor | Version | Tinstall | Tcheck | Ttotal | Status | Flags |
---|---|---|---|---|---|---|
r-devel-linux-x86_64-debian-clang | 1.2 | 9.98 | 62.94 | 72.92 | NOTE | |
r-devel-linux-x86_64-debian-gcc | 1.2 | 8.17 | 45.76 | 53.93 | NOTE | |
r-devel-linux-x86_64-fedora-clang | 1.2 | 115.19 | OK | |||
r-devel-linux-x86_64-fedora-gcc | 1.2 | 105.61 | OK | |||
r-devel-windows-x86_64 | 1.2 | 15.00 | 78.00 | 93.00 | OK | |
r-patched-linux-x86_64 | 1.2 | 10.07 | 59.95 | 70.02 | OK | |
r-release-linux-x86_64 | 1.2 | 9.76 | 60.13 | 69.89 | OK | |
r-release-macos-arm64 | 1.2 | 41.00 | OK | |||
r-release-macos-x86_64 | 1.2 | 100.00 | OK | |||
r-release-windows-x86_64 | 1.2 | 15.00 | 77.00 | 92.00 | OK | |
r-oldrel-macos-arm64 | 1.2 | 35.00 | OK | |||
r-oldrel-macos-x86_64 | 1.2 | 88.00 | OK | |||
r-oldrel-windows-x86_64 | 1.2 | 19.00 | 90.00 | 109.00 | OK |
Version: 1.2
Check: CRAN incoming feasibility
Result: NOTE
Maintainer: ‘Zheyuan Li <zheyuan.li@bath.edu>’
The Description field contains
difference penalty, proposed by Li and Cao (2022) <arXiv:2201.06808>.
Please refer to arXiv e-prints via their arXiv DOI <doi:10.48550/arXiv.YYMM.NNNNN>.
Flavors: r-devel-linux-x86_64-debian-clang, r-devel-linux-x86_64-debian-gcc
These binaries (installable software) and packages are in development.
They may not be fully stable and should be used with caution. We make no claims about them.