Last updated on 2025-05-08 04:52:06 CEST.
Flavor | Version | Tinstall | Tcheck | Ttotal | Status | Flags |
---|---|---|---|---|---|---|
r-devel-linux-x86_64-debian-clang | 0.0.2 | 12.06 | 177.33 | 189.39 | OK | |
r-devel-linux-x86_64-debian-gcc | 0.0.2 | 7.98 | 117.04 | 125.02 | OK | |
r-devel-linux-x86_64-fedora-clang | 0.0.2 | 331.32 | OK | |||
r-devel-linux-x86_64-fedora-gcc | 0.0.2 | 306.79 | OK | |||
r-devel-windows-x86_64 | 0.0.2 | 14.00 | 160.00 | 174.00 | OK | |
r-patched-linux-x86_64 | 0.0.2 | 11.56 | 158.80 | 170.36 | OK | |
r-release-linux-x86_64 | 0.0.2 | 12.89 | 189.58 | 202.47 | OK | |
r-release-macos-arm64 | 0.0.2 | 76.00 | OK | |||
r-release-macos-x86_64 | 0.0.2 | 158.00 | OK | |||
r-release-windows-x86_64 | 0.0.2 | 17.00 | 160.00 | 177.00 | OK | |
r-oldrel-macos-arm64 | 0.0.2 | 70.00 | NOTE | |||
r-oldrel-macos-x86_64 | 0.0.2 | 114.00 | NOTE | |||
r-oldrel-windows-x86_64 | 0.0.2 | 19.00 | 215.00 | 234.00 | NOTE |
Version: 0.0.2
Check: LazyData
Result: NOTE
'LazyData' is specified without a 'data' directory
Flavors: r-oldrel-macos-arm64, r-oldrel-macos-x86_64, r-oldrel-windows-x86_64
These binaries (installable software) and packages are in development.
They may not be fully stable and should be used with caution. We make no claims about them.