Last updated on 2024-07-27 15:50:19 CEST.
Flavor | Version | Tinstall | Tcheck | Ttotal | Status | Flags |
---|---|---|---|---|---|---|
r-devel-linux-x86_64-debian-clang | 0.0.2 | 16.04 | 233.14 | 249.18 | NOTE | |
r-devel-linux-x86_64-debian-gcc | 0.0.2 | NOTE | ||||
r-devel-linux-x86_64-fedora-clang | 0.0.2 | 316.66 | NOTE | |||
r-devel-linux-x86_64-fedora-gcc | 0.0.2 | 282.62 | NOTE | |||
r-devel-windows-x86_64 | 0.0.2 | 14.00 | 157.00 | 171.00 | NOTE | |
r-patched-linux-x86_64 | 0.0.2 | NOTE | ||||
r-release-linux-x86_64 | 0.0.2 | 16.29 | 218.17 | 234.46 | NOTE | |
r-release-macos-arm64 | 0.0.2 | 70.00 | NOTE | |||
r-release-macos-x86_64 | 0.0.2 | 114.00 | NOTE | |||
r-release-windows-x86_64 | 0.0.2 | 13.00 | 160.00 | 173.00 | NOTE | |
r-oldrel-macos-arm64 | 0.0.2 | 72.00 | NOTE | |||
r-oldrel-macos-x86_64 | 0.0.2 | 126.00 | NOTE | |||
r-oldrel-windows-x86_64 | 0.0.2 | 17.00 | 199.00 | 216.00 | NOTE |
Version: 0.0.2
Check: LazyData
Result: NOTE
'LazyData' is specified without a 'data' directory
Flavors: r-devel-linux-x86_64-debian-clang, r-devel-linux-x86_64-debian-gcc, r-devel-linux-x86_64-fedora-clang, r-devel-linux-x86_64-fedora-gcc, r-devel-windows-x86_64, r-patched-linux-x86_64, r-release-linux-x86_64, r-release-macos-arm64, r-release-macos-x86_64, r-release-windows-x86_64, r-oldrel-macos-arm64, r-oldrel-macos-x86_64, r-oldrel-windows-x86_64
These binaries (installable software) and packages are in development.
They may not be fully stable and should be used with caution. We make no claims about them.