Last updated on 2025-02-16 08:50:49 CET.
Flavor | Version | Tinstall | Tcheck | Ttotal | Status | Flags |
---|---|---|---|---|---|---|
r-devel-linux-x86_64-debian-clang | 0.1.0 | 3.86 | 37.05 | 40.91 | NOTE | |
r-devel-linux-x86_64-debian-gcc | 0.1.0 | 3.53 | 27.12 | 30.65 | NOTE | |
r-devel-linux-x86_64-fedora-clang | 0.1.0 | 65.52 | NOTE | |||
r-devel-linux-x86_64-fedora-gcc | 0.1.0 | 59.81 | NOTE | |||
r-devel-macos-arm64 | 0.1.0 | 23.00 | NOTE | |||
r-devel-macos-x86_64 | 0.1.0 | 39.00 | NOTE | |||
r-devel-windows-x86_64 | 0.1.0 | 6.00 | 60.00 | 66.00 | NOTE | |
r-patched-linux-x86_64 | 0.1.0 | 4.02 | 34.20 | 38.22 | NOTE | |
r-release-linux-x86_64 | 0.1.0 | 3.75 | 34.02 | 37.77 | NOTE | |
r-release-macos-arm64 | 0.1.0 | 23.00 | NOTE | |||
r-release-macos-x86_64 | 0.1.0 | 32.00 | NOTE | |||
r-release-windows-x86_64 | 0.1.0 | 6.00 | 66.00 | 72.00 | NOTE | |
r-oldrel-macos-arm64 | 0.1.0 | 23.00 | OK | |||
r-oldrel-macos-x86_64 | 0.1.0 | 33.00 | OK | |||
r-oldrel-windows-x86_64 | 0.1.0 | 6.00 | 62.00 | 68.00 | OK |
Version: 0.1.0
Check: Rd files
Result: NOTE
checkRd: (-1) Granger.inference.difference.Rd:65: Lost braces; missing escapes or markup?
65 | least one root larger than one) on bootstrapped \verb{x} and {y}.
| ^
checkRd: (-1) Granger.inference.difference.Rd:68: Lost braces; missing escapes or markup?
68 | least one root larger than one) on bootstrapped \verb{x} and {z}.
| ^
checkRd: (-1) Granger.inference.difference.Rd:71: Lost braces; missing escapes or markup?
71 | least one root larger than one) on bootstrapped \verb{x}, \verb{y} and {z}.
| ^
Flavors: r-devel-linux-x86_64-debian-clang, r-devel-linux-x86_64-debian-gcc, r-devel-linux-x86_64-fedora-clang, r-devel-linux-x86_64-fedora-gcc, r-devel-macos-arm64, r-devel-macos-x86_64, r-devel-windows-x86_64, r-patched-linux-x86_64, r-release-linux-x86_64, r-release-macos-arm64, r-release-macos-x86_64, r-release-windows-x86_64
These binaries (installable software) and packages are in development.
They may not be fully stable and should be used with caution. We make no claims about them.