CRAN Package Check Results for Package granova

Last updated on 2025-05-01 14:49:11 CEST.

Flavor Version Tinstall Tcheck Ttotal Status Flags
r-devel-linux-x86_64-debian-clang 2.2 2.83 29.43 32.26 NOTE
r-devel-linux-x86_64-debian-gcc 2.2 2.03 23.43 25.46 OK
r-devel-linux-x86_64-fedora-clang 2.2 50.75 OK
r-devel-linux-x86_64-fedora-gcc 2.2 49.32 OK
r-devel-windows-x86_64 2.2 4.00 50.00 54.00 OK
r-patched-linux-x86_64 2.2 2.89 28.00 30.89 OK
r-release-linux-x86_64 OK
r-release-macos-arm64 2.2 18.00 OK
r-release-macos-x86_64 2.2 30.00 OK
r-release-windows-x86_64 2.2 5.00 51.00 56.00 OK
r-oldrel-macos-arm64 2.2 17.00 OK
r-oldrel-macos-x86_64 2.2 26.00 OK
r-oldrel-windows-x86_64 2.2 5.00 53.00 58.00 OK

Check Details

Version: 2.2
Check: examples
Result: NOTE Examples with CPU (user + system) or elapsed time > 5s user system elapsed granova.2w 4.725 0.435 7.301 Flavor: r-devel-linux-x86_64-debian-clang

Version: 2.2
Check: examples
Result: NA user system elapsed granova.2w 3.745 0.495 5.35 OK Flavor: r-devel-linux-x86_64-debian-gcc

These binaries (installable software) and packages are in development.
They may not be fully stable and should be used with caution. We make no claims about them.