Last updated on 2025-02-16 08:50:49 CET.
Flavor | Version | Tinstall | Tcheck | Ttotal | Status | Flags |
---|---|---|---|---|---|---|
r-devel-linux-x86_64-debian-clang | 1.1.0 | 2.63 | 24.06 | 26.69 | NOTE | |
r-devel-linux-x86_64-debian-gcc | 1.1.0 | 1.97 | 18.68 | 20.65 | NOTE | |
r-devel-linux-x86_64-fedora-clang | 1.1.0 | 42.04 | NOTE | |||
r-devel-linux-x86_64-fedora-gcc | 1.1.0 | 39.58 | NOTE | |||
r-devel-macos-arm64 | 1.1.0 | 22.00 | NOTE | |||
r-devel-macos-x86_64 | 1.1.0 | 28.00 | NOTE | |||
r-devel-windows-x86_64 | 1.1.0 | 6.00 | 47.00 | 53.00 | NOTE | |
r-patched-linux-x86_64 | 1.1.0 | 2.68 | 22.50 | 25.18 | NOTE | |
r-release-linux-x86_64 | 1.1.0 | 2.48 | 22.19 | 24.67 | NOTE | |
r-release-macos-arm64 | 1.1.0 | 20.00 | NOTE | |||
r-release-macos-x86_64 | 1.1.0 | 25.00 | NOTE | |||
r-release-windows-x86_64 | 1.1.0 | 6.00 | 55.00 | 61.00 | NOTE | |
r-oldrel-macos-arm64 | 1.1.0 | 21.00 | NOTE | |||
r-oldrel-macos-x86_64 | 1.1.0 | 24.00 | NOTE | |||
r-oldrel-windows-x86_64 | 1.1.0 | 6.00 | 63.00 | 69.00 | NOTE |
Version: 1.1.0
Check: Rd files
Result: NOTE
checkRd: (-1) corrApp.Rd:40: Escaped LaTeX specials: \&
checkRd: (-1) crdApp.Rd:46: Escaped LaTeX specials: \&
checkRd: (-1) descApp.Rd:55: Escaped LaTeX specials: \&
checkRd: (-1) layoutApp.Rd:50: Escaped LaTeX specials: \&
checkRd: (-1) rbdApp.Rd:46: Escaped LaTeX specials: \&
checkRd: (-1) ttApp.Rd:43: Escaped LaTeX specials: \&
Flavors: r-devel-linux-x86_64-debian-clang, r-devel-linux-x86_64-debian-gcc, r-devel-linux-x86_64-fedora-clang, r-devel-linux-x86_64-fedora-gcc, r-devel-macos-arm64, r-devel-macos-x86_64, r-devel-windows-x86_64, r-patched-linux-x86_64, r-release-linux-x86_64, r-release-macos-arm64, r-release-macos-x86_64, r-release-windows-x86_64, r-oldrel-macos-arm64, r-oldrel-macos-x86_64, r-oldrel-windows-x86_64
Version: 1.1.0
Check: dependencies in R code
Result: NOTE
Namespaces in Imports field not imported from:
‘Hmisc’ ‘PairedData’ ‘RColorBrewer’ ‘agricolae’ ‘corrplot’ ‘desplot’
‘dplyr’ ‘ggplot2’ ‘ggpubr’ ‘gridGraphics’ ‘gtools’ ‘kableExtra’
‘knitr’ ‘magrittr’ ‘pastecs’ ‘reshape2’ ‘rmarkdown’ ‘shinyWidgets’
‘summarytools’
All declared Imports should be used.
Flavors: r-devel-linux-x86_64-fedora-clang, r-devel-linux-x86_64-fedora-gcc
These binaries (installable software) and packages are in development.
They may not be fully stable and should be used with caution. We make no claims about them.