CRAN Package Check Results for Package graph3d

Last updated on 2025-05-02 13:50:46 CEST.

Flavor Version Tinstall Tcheck Ttotal Status Flags
r-devel-linux-x86_64-debian-clang 0.2.0 2.73 26.26 28.99 OK
r-devel-linux-x86_64-debian-gcc 0.2.0 1.93 20.82 22.75 OK
r-devel-linux-x86_64-fedora-clang 0.2.0 44.13 OK
r-devel-linux-x86_64-fedora-gcc 0.2.0 43.87 OK
r-devel-windows-x86_64 0.2.0 5.00 48.00 53.00 OK
r-patched-linux-x86_64 0.2.0 2.68 25.50 28.18 OK
r-release-linux-x86_64 OK
r-release-macos-arm64 0.2.0 29.00 OK
r-release-macos-x86_64 0.2.0 30.00 OK
r-release-windows-x86_64 0.2.0 5.00 56.00 61.00 OK
r-oldrel-macos-arm64 0.2.0 19.00 NOTE
r-oldrel-macos-x86_64 0.2.0 27.00 NOTE
r-oldrel-windows-x86_64 0.2.0 5.00 52.00 57.00 NOTE

Check Details

Version: 0.2.0
Check: LazyData
Result: NOTE 'LazyData' is specified without a 'data' directory Flavors: r-oldrel-macos-arm64, r-oldrel-macos-x86_64, r-oldrel-windows-x86_64

These binaries (installable software) and packages are in development.
They may not be fully stable and should be used with caution. We make no claims about them.