CRAN Package Check Results for Package graph4lg

Last updated on 2025-04-16 00:49:42 CEST.

Flavor Version Tinstall Tcheck Ttotal Status Flags
r-devel-linux-x86_64-debian-clang 1.8.0 13.13 165.83 178.96 OK
r-devel-linux-x86_64-debian-gcc 1.8.0 7.00 120.83 127.83 OK
r-devel-linux-x86_64-fedora-clang 1.8.0 290.04 NOTE
r-devel-linux-x86_64-fedora-gcc 1.8.0 290.34 NOTE
r-devel-windows-x86_64 1.8.0 16.00 187.00 203.00 OK
r-patched-linux-x86_64 1.8.0 14.55 159.76 174.31 OK
r-release-linux-x86_64 1.8.0 12.36 164.21 176.57 OK
r-release-macos-arm64 1.8.0 85.00 OK
r-release-macos-x86_64 1.8.0 166.00 OK
r-release-windows-x86_64 1.8.0 19.00 184.00 203.00 OK
r-oldrel-macos-arm64 1.8.0 84.00 OK
r-oldrel-macos-x86_64 1.8.0 127.00 OK
r-oldrel-windows-x86_64 1.8.0 20.00 233.00 253.00 OK

Check Details

Version: 1.8.0
Check: dependencies in R code
Result: NOTE Namespace in Imports field not imported from: ‘Rdpack’ All declared Imports should be used. Flavors: r-devel-linux-x86_64-fedora-clang, r-devel-linux-x86_64-fedora-gcc

These binaries (installable software) and packages are in development.
They may not be fully stable and should be used with caution. We make no claims about them.