Last updated on 2025-05-08 04:52:06 CEST.
Flavor | Version | Tinstall | Tcheck | Ttotal | Status | Flags |
---|---|---|---|---|---|---|
r-devel-linux-x86_64-debian-clang | 1.8.0 | 14.06 | 181.49 | 195.55 | NOTE | |
r-devel-linux-x86_64-debian-gcc | 1.8.0 | 9.20 | 126.78 | 135.98 | NOTE | |
r-devel-linux-x86_64-fedora-clang | 1.8.0 | 290.04 | NOTE | |||
r-devel-linux-x86_64-fedora-gcc | 1.8.0 | 311.71 | NOTE | |||
r-devel-windows-x86_64 | 1.8.0 | 17.00 | 194.00 | 211.00 | OK | |
r-patched-linux-x86_64 | 1.8.0 | 15.43 | 166.81 | 182.24 | OK | |
r-release-linux-x86_64 | 1.8.0 | 11.20 | 170.82 | 182.02 | OK | |
r-release-macos-arm64 | 1.8.0 | 85.00 | OK | |||
r-release-macos-x86_64 | 1.8.0 | 166.00 | OK | |||
r-release-windows-x86_64 | 1.8.0 | 16.00 | 336.00 | 352.00 | OK | |
r-oldrel-macos-arm64 | 1.8.0 | 84.00 | OK | |||
r-oldrel-macos-x86_64 | 1.8.0 | 127.00 | OK | |||
r-oldrel-windows-x86_64 | 1.8.0 | 23.00 | 253.00 | 276.00 | OK |
Version: 1.8.0
Check: CRAN incoming feasibility
Result: NOTE
Maintainer: ‘Paul Savary <psavary@protonmail.com>’
Package CITATION file contains call(s) to old-style personList() or
as.personList(). Please use c() on person objects instead.
Package CITATION file contains call(s) to old-style citEntry(). Please
use bibentry() instead.
Flavors: r-devel-linux-x86_64-debian-clang, r-devel-linux-x86_64-debian-gcc
Version: 1.8.0
Check: dependencies in R code
Result: NOTE
Namespace in Imports field not imported from: ‘Rdpack’
All declared Imports should be used.
Flavors: r-devel-linux-x86_64-fedora-clang, r-devel-linux-x86_64-fedora-gcc
These binaries (installable software) and packages are in development.
They may not be fully stable and should be used with caution. We make no claims about them.