Last updated on 2025-02-16 08:50:49 CET.
Flavor | Version | Tinstall | Tcheck | Ttotal | Status | Flags |
---|---|---|---|---|---|---|
r-devel-linux-x86_64-debian-clang | 0.5.3 | 4.55 | 37.32 | 41.87 | OK | |
r-devel-linux-x86_64-debian-gcc | 0.5.3 | 2.56 | 26.18 | 28.74 | OK | |
r-devel-linux-x86_64-fedora-clang | 0.5.3 | 67.84 | NOTE | |||
r-devel-linux-x86_64-fedora-gcc | 0.5.3 | 60.93 | NOTE | |||
r-devel-macos-arm64 | 0.5.3 | 25.00 | OK | |||
r-devel-macos-x86_64 | 0.5.3 | 44.00 | OK | |||
r-devel-windows-x86_64 | 0.5.3 | 7.00 | 62.00 | 69.00 | OK | |
r-patched-linux-x86_64 | 0.5.3 | 4.16 | 33.89 | 38.05 | OK | |
r-release-linux-x86_64 | 0.5.3 | 4.18 | 33.85 | 38.03 | OK | |
r-release-macos-arm64 | 0.5.3 | 24.00 | OK | |||
r-release-macos-x86_64 | 0.5.3 | 34.00 | OK | |||
r-release-windows-x86_64 | 0.5.3 | 6.00 | 57.00 | 63.00 | OK | |
r-oldrel-macos-arm64 | 0.5.3 | 24.00 | OK | |||
r-oldrel-macos-x86_64 | 0.5.3 | 34.00 | OK | |||
r-oldrel-windows-x86_64 | 0.5.3 | 7.00 | 95.00 | 102.00 | OK |
Version: 0.5.3
Check: dependencies in R code
Result: NOTE
Namespace in Imports field not imported from: ‘utils’
All declared Imports should be used.
Flavors: r-devel-linux-x86_64-fedora-clang, r-devel-linux-x86_64-fedora-gcc
These binaries (installable software) and packages are in development.
They may not be fully stable and should be used with caution. We make no claims about them.