Last updated on 2025-05-01 17:56:05 CEST.
Flavor | Version | Tinstall | Tcheck | Ttotal | Status | Flags |
---|---|---|---|---|---|---|
r-devel-linux-x86_64-debian-clang | 1.3 | 5.00 | 51.54 | 56.54 | NOTE | |
r-devel-linux-x86_64-debian-gcc | 1.3 | 4.17 | 38.21 | 42.38 | NOTE | |
r-devel-linux-x86_64-fedora-clang | 1.3 | 88.28 | OK | |||
r-devel-linux-x86_64-fedora-gcc | 1.3 | 83.33 | OK | |||
r-devel-windows-x86_64 | 1.3 | 7.00 | 75.00 | 82.00 | OK | |
r-patched-linux-x86_64 | 1.3 | 5.37 | 48.92 | 54.29 | OK | |
r-release-linux-x86_64 | OK | |||||
r-release-macos-arm64 | 1.3 | 35.00 | OK | |||
r-release-macos-x86_64 | 1.3 | 66.00 | OK | |||
r-release-windows-x86_64 | 1.3 | 7.00 | 77.00 | 84.00 | OK | |
r-oldrel-macos-arm64 | 1.3 | 28.00 | OK | |||
r-oldrel-macos-x86_64 | 1.3 | 41.00 | OK | |||
r-oldrel-windows-x86_64 | 1.3 | 8.00 | 78.00 | 86.00 | OK |
Version: 1.3
Check: CRAN incoming feasibility
Result: NOTE
Maintainer: ‘Tabea Rebafka <tabea.rebafka@sorbonne-universite.fr>’
The Description field contains
algorithm" by T. Rebafka (2022) <arXiv:2211.02314>.
Please refer to arXiv e-prints via their arXiv DOI <doi:10.48550/arXiv.YYMM.NNNNN>.
Flavors: r-devel-linux-x86_64-debian-clang, r-devel-linux-x86_64-debian-gcc
These binaries (installable software) and packages are in development.
They may not be fully stable and should be used with caution. We make no claims about them.