Last updated on 2025-05-01 14:49:11 CEST.
Flavor | Version | Tinstall | Tcheck | Ttotal | Status | Flags |
---|---|---|---|---|---|---|
r-devel-linux-x86_64-debian-clang | 1.0.0 | 11.83 | 113.82 | 125.65 | OK | |
r-devel-linux-x86_64-debian-gcc | 1.0.0 | 6.94 | 82.47 | 89.41 | OK | |
r-devel-linux-x86_64-fedora-clang | 1.0.0 | 186.82 | NOTE | |||
r-devel-linux-x86_64-fedora-gcc | 1.0.0 | 190.57 | NOTE | |||
r-devel-windows-x86_64 | 1.0.0 | 12.00 | 134.00 | 146.00 | OK | |
r-patched-linux-x86_64 | 1.0.0 | 10.28 | 107.55 | 117.83 | OK | |
r-release-linux-x86_64 | OK | |||||
r-release-macos-arm64 | 1.0.0 | 90.00 | OK | |||
r-release-macos-x86_64 | 1.0.0 | 105.00 | OK | |||
r-release-windows-x86_64 | 1.0.0 | 13.00 | 122.00 | 135.00 | OK | |
r-oldrel-macos-arm64 | 1.0.0 | 58.00 | NOTE | |||
r-oldrel-macos-x86_64 | 1.0.0 | 87.00 | NOTE | |||
r-oldrel-windows-x86_64 | 1.0.0 | 13.00 | 143.00 | 156.00 | NOTE |
Version: 1.0.0
Check: dependencies in R code
Result: NOTE
Namespace in Imports field not imported from: ‘reshape2’
All declared Imports should be used.
Flavors: r-devel-linux-x86_64-fedora-clang, r-devel-linux-x86_64-fedora-gcc
Version: 1.0.0
Check: LazyData
Result: NOTE
'LazyData' is specified without a 'data' directory
Flavors: r-oldrel-macos-arm64, r-oldrel-macos-x86_64, r-oldrel-windows-x86_64
These binaries (installable software) and packages are in development.
They may not be fully stable and should be used with caution. We make no claims about them.