Last updated on 2025-07-24 03:50:00 CEST.
Flavor | Version | Tinstall | Tcheck | Ttotal | Status | Flags |
---|---|---|---|---|---|---|
r-devel-linux-x86_64-debian-clang | 1.0.0 | 10.45 | 112.68 | 123.13 | OK | |
r-devel-linux-x86_64-debian-gcc | 1.0.0 | 8.39 | 82.73 | 91.12 | OK | |
r-devel-linux-x86_64-fedora-clang | 1.0.0 | 191.76 | NOTE | |||
r-devel-linux-x86_64-fedora-gcc | 1.0.0 | 191.04 | NOTE | |||
r-devel-windows-x86_64 | 1.0.0 | 12.00 | 142.00 | 154.00 | OK | |
r-patched-linux-x86_64 | 1.0.0 | 11.35 | 106.14 | 117.49 | OK | |
r-release-linux-x86_64 | 1.0.0 | 10.48 | 107.84 | 118.32 | OK | |
r-release-macos-arm64 | 1.0.0 | 90.00 | OK | |||
r-release-macos-x86_64 | 1.0.0 | 105.00 | OK | |||
r-release-windows-x86_64 | 1.0.0 | 11.00 | 111.00 | 122.00 | OK | |
r-oldrel-macos-arm64 | 1.0.0 | 58.00 | NOTE | |||
r-oldrel-macos-x86_64 | 1.0.0 | 87.00 | NOTE | |||
r-oldrel-windows-x86_64 | 1.0.0 | 16.00 | 141.00 | 157.00 | NOTE |
Version: 1.0.0
Check: dependencies in R code
Result: NOTE
Namespace in Imports field not imported from: ‘reshape2’
All declared Imports should be used.
Flavors: r-devel-linux-x86_64-fedora-clang, r-devel-linux-x86_64-fedora-gcc
Version: 1.0.0
Check: LazyData
Result: NOTE
'LazyData' is specified without a 'data' directory
Flavors: r-oldrel-macos-arm64, r-oldrel-macos-x86_64, r-oldrel-windows-x86_64
These binaries (installable software) and packages are in development.
They may not be fully stable and should be used with caution. We make no claims about them.