Last updated on 2025-10-23 15:49:56 CEST.
Flavor | Version | Tinstall | Tcheck | Ttotal | Status | Flags |
---|---|---|---|---|---|---|
r-devel-linux-x86_64-debian-clang | 1.0.0 | 11.06 | 129.74 | 140.80 | OK | |
r-devel-linux-x86_64-debian-gcc | 1.0.0 | 8.98 | 90.30 | 99.28 | OK | |
r-devel-linux-x86_64-fedora-clang | 1.0.0 | 39.00 | 181.34 | 220.34 | NOTE | |
r-devel-linux-x86_64-fedora-gcc | 1.0.0 | 22.00 | 190.76 | 212.76 | NOTE | |
r-devel-windows-x86_64 | 1.0.0 | 12.00 | 119.00 | 131.00 | OK | |
r-patched-linux-x86_64 | 1.0.0 | 10.04 | 122.18 | 132.22 | OK | |
r-release-linux-x86_64 | 1.0.0 | 10.53 | 121.92 | 132.45 | OK | |
r-release-macos-arm64 | 1.0.0 | 7.00 | 83.00 | 90.00 | OK | |
r-release-macos-x86_64 | 1.0.0 | 9.00 | 96.00 | 105.00 | OK | |
r-release-windows-x86_64 | 1.0.0 | 13.00 | 124.00 | 137.00 | OK | |
r-oldrel-macos-arm64 | 1.0.0 | 5.00 | 53.00 | 58.00 | NOTE | |
r-oldrel-macos-x86_64 | 1.0.0 | 7.00 | 80.00 | 87.00 | NOTE | |
r-oldrel-windows-x86_64 | 1.0.0 | 16.00 | 181.00 | 197.00 | NOTE |
Version: 1.0.0
Check: dependencies in R code
Result: NOTE
Namespace in Imports field not imported from: ‘reshape2’
All declared Imports should be used.
Flavors: r-devel-linux-x86_64-fedora-clang, r-devel-linux-x86_64-fedora-gcc
Version: 1.0.0
Check: LazyData
Result: NOTE
'LazyData' is specified without a 'data' directory
Flavors: r-oldrel-macos-arm64, r-oldrel-macos-x86_64, r-oldrel-windows-x86_64
These binaries (installable software) and packages are in development.
They may not be fully stable and should be used with caution. We make no claims about them.