Last updated on 2025-05-01 15:49:33 CEST.
Flavor | Version | Tinstall | Tcheck | Ttotal | Status | Flags |
---|---|---|---|---|---|---|
r-devel-linux-x86_64-debian-clang | 0.1.2 | 6.45 | 55.12 | 61.57 | OK | |
r-devel-linux-x86_64-debian-gcc | 0.1.2 | 4.47 | 40.51 | 44.98 | OK | |
r-devel-linux-x86_64-fedora-clang | 0.1.2 | 99.02 | OK | |||
r-devel-linux-x86_64-fedora-gcc | 0.1.2 | 90.55 | OK | |||
r-devel-windows-x86_64 | 0.1.2 | 8.00 | 77.00 | 85.00 | OK | |
r-patched-linux-x86_64 | 0.1.2 | 6.62 | 50.92 | 57.54 | OK | |
r-release-linux-x86_64 | OK | |||||
r-release-macos-arm64 | 0.1.2 | 30.00 | OK | |||
r-release-macos-x86_64 | 0.1.2 | 59.00 | OK | |||
r-release-windows-x86_64 | 0.1.2 | 7.00 | 78.00 | 85.00 | OK | |
r-oldrel-macos-arm64 | 0.1.2 | 31.00 | NOTE | |||
r-oldrel-macos-x86_64 | 0.1.2 | 45.00 | NOTE | |||
r-oldrel-windows-x86_64 | 0.1.2 | 10.00 | 84.00 | 94.00 | NOTE |
Version: 0.1.2
Check: LazyData
Result: NOTE
'LazyData' is specified without a 'data' directory
Flavors: r-oldrel-macos-arm64, r-oldrel-macos-x86_64, r-oldrel-windows-x86_64
These binaries (installable software) and packages are in development.
They may not be fully stable and should be used with caution. We make no claims about them.