CRAN Package Check Results for Package graphhopper

Last updated on 2025-05-01 14:49:11 CEST.

Flavor Version Tinstall Tcheck Ttotal Status Flags
r-devel-linux-x86_64-debian-clang 0.1.2 1.97 23.94 25.91 OK
r-devel-linux-x86_64-debian-gcc 0.1.2 1.70 19.07 20.77 OK
r-devel-linux-x86_64-fedora-clang 0.1.2 38.30 OK
r-devel-linux-x86_64-fedora-gcc 0.1.2 50.30 OK
r-devel-windows-x86_64 0.1.2 4.00 53.00 57.00 OK
r-patched-linux-x86_64 0.1.2 2.18 21.54 23.72 OK
r-release-linux-x86_64 OK
r-release-macos-arm64 0.1.2 36.00 OK
r-release-macos-x86_64 0.1.2 38.00 OK
r-release-windows-x86_64 0.1.2 4.00 57.00 61.00 OK
r-oldrel-macos-arm64 0.1.2 21.00 NOTE
r-oldrel-macos-x86_64 0.1.2 31.00 NOTE
r-oldrel-windows-x86_64 0.1.2 4.00 53.00 57.00 NOTE

Check Details

Version: 0.1.2
Check: LazyData
Result: NOTE 'LazyData' is specified without a 'data' directory Flavors: r-oldrel-macos-arm64, r-oldrel-macos-x86_64, r-oldrel-windows-x86_64

These binaries (installable software) and packages are in development.
They may not be fully stable and should be used with caution. We make no claims about them.