Last updated on 2025-05-21 21:49:18 CEST.
Flavor | Version | Tinstall | Tcheck | Ttotal | Status | Flags |
---|---|---|---|---|---|---|
r-devel-linux-x86_64-debian-clang | 1.1 | 214.09 | 41.37 | 255.46 | OK | |
r-devel-linux-x86_64-debian-gcc | 1.1 | 137.89 | 24.72 | 162.61 | OK | |
r-devel-linux-x86_64-fedora-clang | 1.1 | 601.71 | OK | |||
r-devel-linux-x86_64-fedora-gcc | 1.1 | 486.00 | OK | |||
r-devel-windows-x86_64 | 1.1 | 244.00 | 84.00 | 328.00 | OK | |
r-patched-linux-x86_64 | 1.1 | 196.99 | 29.32 | 226.31 | OK | |
r-release-linux-x86_64 | 1.1 | 189.65 | 29.65 | 219.30 | OK | |
r-release-macos-arm64 | 1.1 | 91.00 | OK | |||
r-release-macos-x86_64 | 1.1 | 82.00 | OK | |||
r-release-windows-x86_64 | 1.1 | 244.00 | 85.00 | 329.00 | OK | |
r-oldrel-macos-arm64 | 1.1 | 82.00 | NOTE | |||
r-oldrel-macos-x86_64 | 1.1 | 105.00 | NOTE | |||
r-oldrel-windows-x86_64 | 1.1 | 283.00 | 89.00 | 372.00 | OK |
Version: 1.1
Check: installed package size
Result: NOTE
installed size is 5.9Mb
sub-directories of 1Mb or more:
libs 5.8Mb
Flavors: r-oldrel-macos-arm64, r-oldrel-macos-x86_64
These binaries (installable software) and packages are in development.
They may not be fully stable and should be used with caution. We make no claims about them.