CRAN Package Check Results for Package graphicalExtremes

Last updated on 2025-05-01 14:49:11 CEST.

Flavor Version Tinstall Tcheck Ttotal Status Flags
r-devel-linux-x86_64-debian-clang 0.3.3 14.54 128.64 143.18 NOTE
r-devel-linux-x86_64-debian-gcc 0.3.3 9.75 89.19 98.94 NOTE
r-devel-linux-x86_64-fedora-clang 0.3.3 242.00 NOTE
r-devel-linux-x86_64-fedora-gcc 0.3.3 237.90 NOTE
r-devel-windows-x86_64 0.3.3 16.00 283.00 299.00 NOTE
r-patched-linux-x86_64 0.3.3 14.42 123.69 138.11 NOTE
r-release-linux-x86_64 NOTE
r-release-macos-arm64 0.3.3 140.00 NOTE
r-release-macos-x86_64 0.3.3 234.00 NOTE
r-release-windows-x86_64 0.3.3 16.00 412.00 428.00 OK
r-oldrel-macos-arm64 0.3.3 303.00 OK
r-oldrel-macos-x86_64 0.3.3 447.00 OK
r-oldrel-windows-x86_64 0.3.3 20.00 564.00 584.00 OK

Check Details

Version: 0.3.3
Check: Rd cross-references
Result: NOTE Unknown package ‘edmcr’ in Rd xrefs Flavors: r-devel-linux-x86_64-debian-clang, r-devel-linux-x86_64-debian-gcc, r-devel-linux-x86_64-fedora-gcc, r-devel-windows-x86_64, r-patched-linux-x86_64, r-release-linux-x86_64, r-release-macos-arm64, r-release-macos-x86_64

Version: 0.3.3
Check: Rd cross-references
Result: NOTE Undeclared package ‘glasso’ in Rd xrefs Unknown package ‘edmcr’ in Rd xrefs Flavor: r-devel-linux-x86_64-fedora-clang

These binaries (installable software) and packages are in development.
They may not be fully stable and should be used with caution. We make no claims about them.