CRAN Package Check Results for Package graphkernels

Last updated on 2025-05-08 04:52:06 CEST.

Flavor Version Tinstall Tcheck Ttotal Status Flags
r-devel-linux-x86_64-debian-clang 1.6.1 39.97 141.43 181.40 NOTE
r-devel-linux-x86_64-debian-gcc 1.6.1 34.76 96.66 131.42 NOTE
r-devel-linux-x86_64-fedora-clang 1.6.1 293.52 NOTE
r-devel-linux-x86_64-fedora-gcc 1.6.1 319.49 NOTE
r-devel-windows-x86_64 1.6.1 46.00 217.00 263.00 NOTE
r-patched-linux-x86_64 1.6.1 44.77 136.15 180.92 NOTE
r-release-linux-x86_64 1.6.1 42.93 139.24 182.17 NOTE
r-release-macos-arm64 1.6.1 88.00 NOTE
r-release-macos-x86_64 1.6.1 182.00 NOTE
r-release-windows-x86_64 1.6.1 48.00 220.00 268.00 NOTE
r-oldrel-macos-arm64 1.6.1 46.00 NOTE
r-oldrel-macos-x86_64 1.6.1 65.00 NOTE
r-oldrel-windows-x86_64 1.6.1 54.00 266.00 320.00 NOTE

Check Details

Version: 1.6.1
Check: C++ specification
Result: NOTE Specified C++11: please drop specification unless essential Flavors: r-devel-linux-x86_64-debian-clang, r-devel-linux-x86_64-debian-gcc, r-devel-linux-x86_64-fedora-clang, r-devel-linux-x86_64-fedora-gcc, r-devel-windows-x86_64, r-patched-linux-x86_64, r-release-linux-x86_64, r-release-macos-arm64, r-release-macos-x86_64, r-release-windows-x86_64, r-oldrel-macos-arm64, r-oldrel-macos-x86_64, r-oldrel-windows-x86_64

Version: 1.6.1
Check: installed package size
Result: NOTE installed size is 15.9Mb sub-directories of 1Mb or more: libs 15.8Mb Flavors: r-oldrel-macos-arm64, r-oldrel-macos-x86_64

These binaries (installable software) and packages are in development.
They may not be fully stable and should be used with caution. We make no claims about them.