Last updated on 2025-02-16 08:50:49 CET.
Flavor | Version | Tinstall | Tcheck | Ttotal | Status | Flags |
---|---|---|---|---|---|---|
r-devel-linux-x86_64-debian-clang | 1.6.1 | 43.92 | 142.91 | 186.83 | NOTE | |
r-devel-linux-x86_64-debian-gcc | 1.6.1 | 33.12 | 94.38 | 127.50 | NOTE | |
r-devel-linux-x86_64-fedora-clang | 1.6.1 | 297.33 | NOTE | |||
r-devel-linux-x86_64-fedora-gcc | 1.6.1 | 314.57 | NOTE | |||
r-devel-macos-arm64 | 1.6.1 | 78.00 | NOTE | |||
r-devel-macos-x86_64 | 1.6.1 | 171.00 | NOTE | |||
r-devel-windows-x86_64 | 1.6.1 | 44.00 | 215.00 | 259.00 | NOTE | |
r-patched-linux-x86_64 | 1.6.1 | 43.90 | 132.04 | 175.94 | NOTE | |
r-release-linux-x86_64 | 1.6.1 | 48.65 | 130.29 | 178.94 | NOTE | |
r-release-macos-arm64 | 1.6.1 | 46.00 | NOTE | |||
r-release-macos-x86_64 | 1.6.1 | 65.00 | NOTE | |||
r-release-windows-x86_64 | 1.6.1 | 43.00 | 213.00 | 256.00 | NOTE | |
r-oldrel-macos-arm64 | 1.6.1 | 51.00 | NOTE | |||
r-oldrel-macos-x86_64 | 1.6.1 | 75.00 | NOTE | |||
r-oldrel-windows-x86_64 | 1.6.1 | 53.00 | 234.00 | 287.00 | NOTE |
Version: 1.6.1
Check: C++ specification
Result: NOTE
Specified C++11: please drop specification unless essential
Flavors: r-devel-linux-x86_64-debian-clang, r-devel-linux-x86_64-debian-gcc, r-devel-linux-x86_64-fedora-clang, r-devel-linux-x86_64-fedora-gcc, r-devel-macos-arm64, r-devel-macos-x86_64, r-devel-windows-x86_64, r-patched-linux-x86_64, r-release-linux-x86_64, r-release-macos-arm64, r-release-macos-x86_64, r-release-windows-x86_64, r-oldrel-macos-arm64, r-oldrel-macos-x86_64, r-oldrel-windows-x86_64
Version: 1.6.1
Check: installed package size
Result: NOTE
installed size is 15.9Mb
sub-directories of 1Mb or more:
libs 15.8Mb
Flavors: r-release-macos-arm64, r-release-macos-x86_64, r-oldrel-macos-arm64, r-oldrel-macos-x86_64
These binaries (installable software) and packages are in development.
They may not be fully stable and should be used with caution. We make no claims about them.