CRAN Package Check Results for Package graphkernels

Last updated on 2025-06-30 23:49:48 CEST.

Flavor Version Tinstall Tcheck Ttotal Status Flags
r-devel-linux-x86_64-debian-clang 1.6.1 41.12 137.00 178.12 NOTE
r-devel-linux-x86_64-debian-gcc 1.6.1 33.96 96.90 130.86 NOTE
r-devel-linux-x86_64-fedora-clang 1.6.1 280.92 NOTE
r-devel-linux-x86_64-fedora-gcc 1.6.1 293.11 NOTE
r-devel-windows-x86_64 1.6.1 46.00 225.00 271.00 NOTE
r-patched-linux-x86_64 NOTE
r-release-linux-x86_64 1.6.1 46.21 137.03 183.24 NOTE
r-release-macos-arm64 1.6.1 88.00 NOTE
r-release-macos-x86_64 1.6.1 182.00 NOTE
r-release-windows-x86_64 1.6.1 47.00 216.00 263.00 NOTE
r-oldrel-macos-arm64 1.6.1 46.00 NOTE
r-oldrel-macos-x86_64 1.6.1 65.00 NOTE
r-oldrel-windows-x86_64 1.6.1 55.00 283.00 338.00 NOTE

Check Details

Version: 1.6.1
Check: C++ specification
Result: NOTE Specified C++11: please drop specification unless essential Flavors: r-devel-linux-x86_64-debian-clang, r-devel-linux-x86_64-debian-gcc, r-devel-linux-x86_64-fedora-clang, r-devel-linux-x86_64-fedora-gcc, r-devel-windows-x86_64, r-patched-linux-x86_64, r-release-linux-x86_64, r-release-macos-arm64, r-release-macos-x86_64, r-release-windows-x86_64, r-oldrel-macos-arm64, r-oldrel-macos-x86_64, r-oldrel-windows-x86_64

Version: 1.6.1
Check: installed package size
Result: NOTE installed size is 15.9Mb sub-directories of 1Mb or more: libs 15.8Mb Flavors: r-oldrel-macos-arm64, r-oldrel-macos-x86_64

These binaries (installable software) and packages are in development.
They may not be fully stable and should be used with caution. We make no claims about them.