CRAN Package Check Results for Package graphlayouts

Last updated on 2025-10-23 21:51:28 CEST.

Flavor Version Tinstall Tcheck Ttotal Status Flags
r-devel-linux-x86_64-debian-clang 1.2.2 53.81 46.92 100.73 OK
r-devel-linux-x86_64-debian-gcc 1.2.2 39.23 34.54 73.77 OK
r-devel-linux-x86_64-fedora-clang 1.2.2 159.00 26.94 185.94 OK
r-devel-linux-x86_64-fedora-gcc 1.2.2 119.00 51.42 170.42 OK
r-devel-windows-x86_64 1.2.2 67.00 80.00 147.00 OK
r-patched-linux-x86_64 1.2.2 58.65 43.31 101.96 OK
r-release-linux-x86_64 1.2.2 57.85 42.99 100.84 OK
r-release-macos-arm64 1.2.2 19.00 24.00 43.00 OK
r-release-macos-x86_64 1.2.2 24.00 63.00 87.00 OK
r-release-windows-x86_64 1.2.2 67.00 83.00 150.00 OK
r-oldrel-macos-arm64 1.2.2 21.00 29.00 50.00 NOTE
r-oldrel-macos-x86_64 1.2.2 25.00 52.00 77.00 NOTE
r-oldrel-windows-x86_64 1.2.2 78.00 100.00 178.00 OK

Check Details

Version: 1.2.2
Check: installed package size
Result: NOTE installed size is 6.3Mb sub-directories of 1Mb or more: help 2.2Mb libs 3.9Mb Flavors: r-oldrel-macos-arm64, r-oldrel-macos-x86_64

These binaries (installable software) and packages are in development.
They may not be fully stable and should be used with caution. We make no claims about them.