Last updated on 2025-05-01 08:52:35 CEST.
Flavor | Version | Tinstall | Tcheck | Ttotal | Status | Flags |
---|---|---|---|---|---|---|
r-devel-linux-x86_64-debian-clang | 1.2.2 | 53.92 | 44.42 | 98.34 | OK | |
r-devel-linux-x86_64-debian-gcc | 1.2.2 | 41.83 | 32.76 | 74.59 | OK | |
r-devel-linux-x86_64-fedora-clang | 1.2.2 | 184.66 | OK | |||
r-devel-linux-x86_64-fedora-gcc | 1.2.2 | 179.75 | OK | |||
r-devel-windows-x86_64 | 1.2.2 | 64.00 | 92.00 | 156.00 | OK | |
r-patched-linux-x86_64 | 1.2.2 | 55.11 | 41.17 | 96.28 | OK | |
r-release-linux-x86_64 | OK | |||||
r-release-macos-arm64 | 1.2.2 | 43.00 | OK | |||
r-release-macos-x86_64 | 1.2.2 | 87.00 | OK | |||
r-release-windows-x86_64 | 1.2.2 | 63.00 | 93.00 | 156.00 | OK | |
r-oldrel-macos-arm64 | 1.2.2 | 50.00 | NOTE | |||
r-oldrel-macos-x86_64 | 1.2.2 | 77.00 | NOTE | |||
r-oldrel-windows-x86_64 | 1.2.2 | 73.00 | 101.00 | 174.00 | OK |
Version: 1.2.2
Check: installed package size
Result: NOTE
installed size is 6.3Mb
sub-directories of 1Mb or more:
help 2.2Mb
libs 3.9Mb
Flavors: r-oldrel-macos-arm64, r-oldrel-macos-x86_64
These binaries (installable software) and packages are in development.
They may not be fully stable and should be used with caution. We make no claims about them.