CRAN Package Check Results for Package graphsim

Last updated on 2025-07-26 21:49:54 CEST.

Flavor Version Tinstall Tcheck Ttotal Status Flags
r-devel-linux-x86_64-debian-clang 1.0.4 7.65 80.76 88.41 OK
r-devel-linux-x86_64-debian-gcc 1.0.4 6.48 57.43 63.91 OK
r-devel-linux-x86_64-fedora-clang 1.0.4 135.93 OK
r-devel-linux-x86_64-fedora-gcc 1.0.4 147.91 OK
r-devel-windows-x86_64 1.0.4 10.00 90.00 100.00 OK
r-patched-linux-x86_64 1.0.4 9.08 75.24 84.32 OK
r-release-linux-x86_64 1.0.4 8.45 75.73 84.18 OK
r-release-macos-arm64 1.0.4 49.00 OK
r-release-macos-x86_64 1.0.4 106.00 OK
r-release-windows-x86_64 1.0.4 9.00 89.00 98.00 OK
r-oldrel-macos-arm64 1.0.4 49.00 OK
r-oldrel-macos-x86_64 1.0.4 119.00 NOTE
r-oldrel-windows-x86_64 1.0.4 13.00 111.00 124.00 OK

Check Details

Version: 1.0.4
Check: for unstated dependencies in vignettes
Result: NOTE Warning in gzfile(file, mode) : cannot open compressed file '/var/folders/2b/t0kwbtmn3p7brv2mvx39c9cr0000gn/T//RtmpyNX8tp/runrid2c45f212d27', probable reason 'No space left on device' Error in gzfile(file, mode) : cannot open the connection Execution halted Flavor: r-oldrel-macos-x86_64

These binaries (installable software) and packages are in development.
They may not be fully stable and should be used with caution. We make no claims about them.