Last updated on 2025-05-01 08:52:35 CEST.
Flavor | Version | Tinstall | Tcheck | Ttotal | Status | Flags |
---|---|---|---|---|---|---|
r-devel-linux-x86_64-debian-clang | 1.0.7 | 21.82 | 269.60 | 291.42 | NOTE | |
r-devel-linux-x86_64-debian-gcc | 1.0.7 | 16.25 | 174.44 | 190.69 | OK | |
r-devel-linux-x86_64-fedora-clang | 1.0.7 | 483.03 | OK | |||
r-devel-linux-x86_64-fedora-gcc | 1.0.7 | 469.59 | OK | |||
r-devel-windows-x86_64 | 1.0.7 | 24.00 | 248.00 | 272.00 | OK | |
r-patched-linux-x86_64 | 1.0.7 | 21.50 | 253.22 | 274.72 | OK | |
r-release-linux-x86_64 | OK | |||||
r-release-macos-arm64 | 1.0.7 | 110.00 | OK | |||
r-release-macos-x86_64 | 1.0.7 | 254.00 | OK | |||
r-release-windows-x86_64 | 1.0.7 | 23.00 | 238.00 | 261.00 | OK | |
r-oldrel-macos-arm64 | 1.0.7 | 109.00 | OK | |||
r-oldrel-macos-x86_64 | 1.0.7 | 219.00 | OK | |||
r-oldrel-windows-x86_64 | 1.0.7 | 32.00 | 318.00 | 350.00 | OK |
Version: 1.0.7
Check: examples
Result: NOTE
Examples with CPU (user + system) or elapsed time > 5s
user system elapsed
generate_msts 4.477 0.053 6.419
Flavor: r-devel-linux-x86_64-debian-clang
These binaries (installable software) and packages are in development.
They may not be fully stable and should be used with caution. We make no claims about them.