Last updated on 2025-07-02 03:50:42 CEST.
Flavor | Version | Tinstall | Tcheck | Ttotal | Status | Flags |
---|---|---|---|---|---|---|
r-devel-linux-x86_64-debian-clang | 1.0.1 | 14.74 | 264.25 | 278.99 | NOTE | |
r-devel-linux-x86_64-debian-gcc | 1.0.1 | 10.64 | 200.21 | 210.85 | NOTE | |
r-devel-linux-x86_64-fedora-clang | 1.0.1 | 551.69 | OK | |||
r-devel-linux-x86_64-fedora-gcc | 1.0.1 | 554.39 | OK | |||
r-devel-windows-x86_64 | 1.0.1 | 17.00 | 260.00 | 277.00 | OK | |
r-patched-linux-x86_64 | OK | |||||
r-release-linux-x86_64 | 1.0.1 | 15.23 | 280.66 | 295.89 | OK | |
r-release-macos-arm64 | 1.0.1 | 121.00 | OK | |||
r-release-macos-x86_64 | 1.0.1 | 254.00 | OK | |||
r-release-windows-x86_64 | 1.0.1 | 18.00 | 256.00 | 274.00 | OK | |
r-oldrel-macos-arm64 | 1.0.1 | 112.00 | OK | |||
r-oldrel-macos-x86_64 | 1.0.1 | 190.00 | OK | |||
r-oldrel-windows-x86_64 | 1.0.1 | 21.00 | 273.00 | 294.00 | OK |
Version: 1.0.1
Check: CRAN incoming feasibility
Result: NOTE
Maintainer: ‘C. Cronkite-Ratcliff <ccronkite-ratcliff@usgs.gov>’
Package CITATION file contains call(s) to old-style personList() or
as.personList(). Please use c() on person objects instead.
Flavors: r-devel-linux-x86_64-debian-clang, r-devel-linux-x86_64-debian-gcc
These binaries (installable software) and packages are in development.
They may not be fully stable and should be used with caution. We make no claims about them.