Last updated on 2025-05-08 04:52:06 CEST.
Flavor | Version | Tinstall | Tcheck | Ttotal | Status | Flags |
---|---|---|---|---|---|---|
r-devel-linux-x86_64-debian-clang | 1.0.1 | 15.34 | 268.49 | 283.83 | NOTE | |
r-devel-linux-x86_64-debian-gcc | 1.0.1 | 10.49 | 198.82 | 209.31 | NOTE | |
r-devel-linux-x86_64-fedora-clang | 1.0.1 | 563.99 | OK | |||
r-devel-linux-x86_64-fedora-gcc | 1.0.1 | 579.06 | OK | |||
r-devel-windows-x86_64 | 1.0.1 | 17.00 | 260.00 | 277.00 | OK | |
r-patched-linux-x86_64 | 1.0.1 | 14.73 | 264.79 | 279.52 | OK | |
r-release-linux-x86_64 | 1.0.1 | 13.81 | 278.24 | 292.05 | OK | |
r-release-macos-arm64 | 1.0.1 | 121.00 | OK | |||
r-release-macos-x86_64 | 1.0.1 | 254.00 | OK | |||
r-release-windows-x86_64 | 1.0.1 | 19.00 | 430.00 | 449.00 | OK | |
r-oldrel-macos-arm64 | 1.0.1 | 112.00 | OK | |||
r-oldrel-macos-x86_64 | 1.0.1 | 190.00 | OK | |||
r-oldrel-windows-x86_64 | 1.0.1 | 17.00 | 270.00 | 287.00 | OK |
Version: 1.0.1
Check: CRAN incoming feasibility
Result: NOTE
Maintainer: ‘C. Cronkite-Ratcliff <ccronkite-ratcliff@usgs.gov>’
Package CITATION file contains call(s) to old-style personList() or
as.personList(). Please use c() on person objects instead.
Flavors: r-devel-linux-x86_64-debian-clang, r-devel-linux-x86_64-debian-gcc
These binaries (installable software) and packages are in development.
They may not be fully stable and should be used with caution. We make no claims about them.