CRAN Package Check Results for Package greed

Last updated on 2025-05-01 08:52:35 CEST.

Flavor Version Tinstall Tcheck Ttotal Status Flags
r-devel-linux-x86_64-debian-clang 0.6.1 238.14 275.48 513.62 NOTE
r-devel-linux-x86_64-debian-gcc 0.6.1 190.47 172.31 362.78 NOTE
r-devel-linux-x86_64-fedora-clang 0.6.1 912.38 NOTE
r-devel-linux-x86_64-fedora-gcc 0.6.1 924.06 NOTE
r-devel-windows-x86_64 0.6.1 286.00 328.00 614.00 NOTE
r-patched-linux-x86_64 0.6.1 275.04 232.56 507.60 NOTE
r-release-linux-x86_64 NOTE
r-release-macos-arm64 0.6.1 238.00 NOTE
r-release-macos-x86_64 0.6.1 304.00 NOTE
r-release-windows-x86_64 0.6.1 292.00 324.00 616.00 NOTE
r-oldrel-macos-arm64 0.6.1 196.00 NOTE
r-oldrel-macos-x86_64 0.6.1 238.00 NOTE
r-oldrel-windows-x86_64 0.6.1 317.00 397.00 714.00 NOTE

Check Details

Version: 0.6.1
Check: CRAN incoming feasibility
Result: NOTE Maintainer: ‘Etienne Côme <etienne.come@univ-eiffel.fr>’ Package CITATION file contains call(s) to old-style citEntry(). Please use bibentry() instead. Flavors: r-devel-linux-x86_64-debian-clang, r-devel-linux-x86_64-debian-gcc

Version: 0.6.1
Check: C++ specification
Result: NOTE Specified C++11: please drop specification unless essential Flavors: r-devel-linux-x86_64-debian-clang, r-devel-linux-x86_64-debian-gcc, r-devel-linux-x86_64-fedora-clang, r-devel-linux-x86_64-fedora-gcc, r-devel-windows-x86_64, r-patched-linux-x86_64, r-release-linux-x86_64, r-release-macos-arm64, r-release-macos-x86_64, r-release-windows-x86_64, r-oldrel-macos-arm64, r-oldrel-macos-x86_64, r-oldrel-windows-x86_64

Version: 0.6.1
Check: Rd cross-references
Result: NOTE Found the following Rd file(s) with Rd \link{} targets missing package anchors: gmmpairs.Rd: ggplot2 plot-DcLbmFit-missing-method.Rd: ggplot2 plot-DcLbmPath-missing-method.Rd: ggplot2 plot-DcSbmFit-missing-method.Rd: ggplot2 plot-DiagGmmFit-missing-method.Rd: ggplot2 plot-GmmFit-missing-method.Rd: ggplot2 plot-IclPath-missing-method.Rd: ggplot2 plot-LcaFit-missing-method.Rd: ggplot2 plot-MoMFit-missing-method.Rd: ggplot2 plot-MultSbmFit-missing-method.Rd: ggplot2 plot-SbmFit-missing-method.Rd: ggplot2 Please provide package anchors for all Rd \link{} targets not in the package itself and the base packages. Flavors: r-devel-linux-x86_64-debian-clang, r-devel-linux-x86_64-debian-gcc, r-devel-windows-x86_64, r-patched-linux-x86_64, r-release-linux-x86_64, r-release-windows-x86_64

Version: 0.6.1
Check: installed package size
Result: NOTE installed size is 18.5Mb sub-directories of 1Mb or more: libs 16.1Mb Flavors: r-oldrel-macos-arm64, r-oldrel-macos-x86_64

These binaries (installable software) and packages are in development.
They may not be fully stable and should be used with caution. We make no claims about them.