Last updated on 2025-10-03 15:49:51 CEST.
Flavor | Version | Tinstall | Tcheck | Ttotal | Status | Flags |
---|---|---|---|---|---|---|
r-devel-linux-x86_64-debian-clang | 0.6.2 | 262.79 | 241.47 | 504.26 | OK | |
r-devel-linux-x86_64-debian-gcc | 0.6.2 | 183.09 | 147.20 | 330.29 | OK | |
r-devel-linux-x86_64-fedora-clang | 0.6.2 | 832.12 | OK | |||
r-devel-linux-x86_64-fedora-gcc | 0.6.2 | 809.95 | OK | |||
r-devel-windows-x86_64 | 0.6.2 | 304.00 | 280.00 | 584.00 | OK | |
r-patched-linux-x86_64 | 0.6.2 | 290.77 | 197.29 | 488.06 | OK | |
r-release-linux-x86_64 | 0.6.2 | 275.07 | 199.36 | 474.43 | OK | |
r-release-macos-arm64 | 0.6.2 | 258.00 | OK | |||
r-release-macos-x86_64 | 0.6.2 | 313.00 | OK | |||
r-release-windows-x86_64 | 0.6.2 | 303.00 | 275.00 | 578.00 | OK | |
r-oldrel-macos-arm64 | 0.6.2 | 183.00 | NOTE | |||
r-oldrel-macos-x86_64 | 0.6.2 | 289.00 | NOTE | |||
r-oldrel-windows-x86_64 | 0.6.2 | 354.00 | 337.00 | 691.00 | OK |
Version: 0.6.2
Check: installed package size
Result: NOTE
installed size is 19.1Mb
sub-directories of 1Mb or more:
libs 16.7Mb
Flavors: r-oldrel-macos-arm64, r-oldrel-macos-x86_64
These binaries (installable software) and packages are in development.
They may not be fully stable and should be used with caution. We make no claims about them.