Last updated on 2024-07-27 15:50:19 CEST.
Flavor | Version | Tinstall | Tcheck | Ttotal | Status | Flags |
---|---|---|---|---|---|---|
r-devel-linux-x86_64-debian-clang | 0.2 | 459.56 | 135.44 | 595.00 | NOTE | |
r-devel-linux-x86_64-debian-gcc | 0.2 | NOTE | ||||
r-devel-linux-x86_64-fedora-clang | 0.2 | 794.18 | NOTE | |||
r-devel-linux-x86_64-fedora-gcc | 0.2 | 1103.76 | NOTE | |||
r-devel-windows-x86_64 | 0.2 | 392.00 | 152.00 | 544.00 | NOTE | |
r-patched-linux-x86_64 | 0.2 | NOTE | ||||
r-release-linux-x86_64 | 0.2 | 0.03 | 2.38 | 2.41 | ERROR | |
r-release-macos-arm64 | 0.2 | 189.00 | NOTE | |||
r-release-macos-x86_64 | 0.2 | 175.00 | NOTE | |||
r-release-windows-x86_64 | 0.2 | 391.00 | 151.00 | 542.00 | NOTE | |
r-oldrel-macos-arm64 | 0.2 | 233.00 | NOTE | |||
r-oldrel-macos-x86_64 | 0.2 | 264.00 | NOTE | |||
r-oldrel-windows-x86_64 | 0.2 | 478.00 | 186.00 | 664.00 | NOTE |
Version: 0.2
Check: for GNU extensions in Makefiles
Result: NOTE
GNU make is a SystemRequirements.
Flavors: r-devel-linux-x86_64-debian-clang, r-devel-linux-x86_64-debian-gcc, r-devel-linux-x86_64-fedora-clang, r-devel-linux-x86_64-fedora-gcc, r-devel-windows-x86_64, r-patched-linux-x86_64, r-release-macos-arm64, r-release-macos-x86_64, r-release-windows-x86_64, r-oldrel-macos-arm64, r-oldrel-macos-x86_64, r-oldrel-windows-x86_64
Version: 0.2
Check: whether package can be installed
Result: ERROR
Installation failed.
Flavor: r-release-linux-x86_64
Version: 0.2
Check: installed package size
Result: NOTE
installed size is 58.6Mb
sub-directories of 1Mb or more:
libs 58.4Mb
Flavors: r-release-macos-arm64, r-release-macos-x86_64, r-oldrel-macos-arm64, r-oldrel-macos-x86_64
These binaries (installable software) and packages are in development.
They may not be fully stable and should be used with caution. We make no claims about them.