CRAN Package Check Results for Package greencrab.toolkit

Last updated on 2025-07-02 01:51:39 CEST.

Flavor Version Tinstall Tcheck Ttotal Status Flags
r-devel-linux-x86_64-debian-clang 0.2 362.85 110.49 473.34 OK
r-devel-linux-x86_64-debian-gcc 0.2 357.00 108.72 465.72 OK
r-devel-linux-x86_64-fedora-clang 0.2 714.79 OK
r-devel-linux-x86_64-fedora-gcc 0.2 969.82 OK
r-devel-windows-x86_64 0.2 437.00 159.00 596.00 OK
r-patched-linux-x86_64 OK
r-release-linux-x86_64 0.2 450.28 145.77 596.05 OK
r-release-macos-arm64 0.2 187.00 OK
r-release-macos-x86_64 0.2 200.00 OK
r-release-windows-x86_64 0.2 426.00 165.00 591.00 OK
r-oldrel-macos-arm64 0.2 104.00 NOTE
r-oldrel-macos-x86_64 0.2 104.00 NOTE
r-oldrel-windows-x86_64 0.2 471.00 194.00 665.00 NOTE

Check Details

Version: 0.2
Check: installed package size
Result: NOTE installed size is 59.8Mb sub-directories of 1Mb or more: libs 59.6Mb Flavors: r-oldrel-macos-arm64, r-oldrel-macos-x86_64

Version: 0.2
Check: for GNU extensions in Makefiles
Result: NOTE GNU make is a SystemRequirements. Flavors: r-oldrel-macos-arm64, r-oldrel-macos-x86_64, r-oldrel-windows-x86_64

These binaries (installable software) and packages are in development.
They may not be fully stable and should be used with caution. We make no claims about them.