Last updated on 2024-07-27 15:50:19 CEST.
Flavor | Version | Tinstall | Tcheck | Ttotal | Status | Flags |
---|---|---|---|---|---|---|
r-devel-linux-x86_64-debian-clang | 0.2.0 | 9.43 | 120.81 | 130.24 | NOTE | |
r-devel-linux-x86_64-debian-gcc | 0.2.0 | NOTE | ||||
r-devel-linux-x86_64-fedora-clang | 0.2.0 | 170.48 | NOTE | |||
r-devel-linux-x86_64-fedora-gcc | 0.2.0 | 179.67 | NOTE | |||
r-devel-windows-x86_64 | 0.2.0 | 50.00 | 558.00 | 608.00 | NOTE | |
r-patched-linux-x86_64 | 0.2.0 | NOTE | ||||
r-release-linux-x86_64 | 0.2.0 | 10.31 | 114.77 | 125.08 | NOTE | |
r-release-macos-arm64 | 0.2.0 | 55.00 | NOTE | |||
r-release-macos-x86_64 | 0.2.0 | 100.00 | NOTE | |||
r-release-windows-x86_64 | 0.2.0 | 53.00 | 560.00 | 613.00 | NOTE | |
r-oldrel-macos-arm64 | 0.2.0 | 56.00 | OK | |||
r-oldrel-macos-x86_64 | 0.2.0 | 92.00 | OK | |||
r-oldrel-windows-x86_64 | 0.2.0 | 19.00 | 259.00 | 278.00 | OK |
Version: 0.2.0
Check: Rd files
Result: NOTE
checkRd: (-1) iterate_matrix.Rd:32-33: Lost braces in \itemize; \value handles \item{}{} directly
checkRd: (-1) iterate_matrix.Rd:34-36: Lost braces in \itemize; \value handles \item{}{} directly
checkRd: (-1) iterate_matrix.Rd:37-38: Lost braces in \itemize; \value handles \item{}{} directly
checkRd: (-1) iterate_matrix.Rd:39-41: Lost braces in \itemize; \value handles \item{}{} directly
checkRd: (-1) iterate_matrix.Rd:42-44: Lost braces in \itemize; \value handles \item{}{} directly
Flavors: r-devel-linux-x86_64-debian-clang, r-devel-linux-x86_64-debian-gcc, r-devel-linux-x86_64-fedora-clang, r-devel-linux-x86_64-fedora-gcc, r-devel-windows-x86_64, r-patched-linux-x86_64, r-release-linux-x86_64, r-release-macos-arm64, r-release-macos-x86_64, r-release-windows-x86_64
These binaries (installable software) and packages are in development.
They may not be fully stable and should be used with caution. We make no claims about them.