CRAN Package Check Results for Package gretel

Last updated on 2025-05-08 04:52:06 CEST.

Flavor Version Tinstall Tcheck Ttotal Status Flags
r-devel-linux-x86_64-debian-clang 0.0.1 10.38 31.60 41.98 NOTE
r-devel-linux-x86_64-debian-gcc 0.0.1 7.86 25.46 33.32 NOTE
r-devel-linux-x86_64-fedora-clang 0.0.1 72.28 OK
r-devel-linux-x86_64-fedora-gcc 0.0.1 83.42 OK
r-devel-windows-x86_64 0.0.1 13.00 71.00 84.00 OK
r-patched-linux-x86_64 0.0.1 9.55 30.36 39.91 OK
r-release-linux-x86_64 0.0.1 9.66 30.89 40.55 OK
r-release-macos-arm64 0.0.1 40.00 OK
r-release-macos-x86_64 0.0.1 56.00 OK
r-release-windows-x86_64 0.0.1 15.00 69.00 84.00 OK
r-oldrel-macos-arm64 0.0.1 32.00 OK
r-oldrel-macos-x86_64 0.0.1 61.00 OK
r-oldrel-windows-x86_64 0.0.1 14.00 81.00 95.00 OK

Check Details

Version: 0.0.1
Check: CRAN incoming feasibility
Result: NOTE Maintainer: ‘David Buch <davidbuch42@gmail.com>’ Package CITATION file contains call(s) to old-style citEntry(). Please use bibentry() instead. Flavors: r-devel-linux-x86_64-debian-clang, r-devel-linux-x86_64-debian-gcc

These binaries (installable software) and packages are in development.
They may not be fully stable and should be used with caution. We make no claims about them.