CRAN Package Check Results for Package gretlR

Last updated on 2025-11-11 15:50:35 CET.

Flavor Version Tinstall Tcheck Ttotal Status Flags
r-devel-linux-x86_64-debian-clang 0.1.4 4.32 44.30 48.62 NOTE
r-devel-linux-x86_64-debian-gcc 0.1.4 2.96 33.23 36.19 NOTE
r-devel-linux-x86_64-fedora-clang 0.1.4 23.00 55.88 78.88 OK
r-devel-linux-x86_64-fedora-gcc 0.1.4 85.07 OK
r-devel-windows-x86_64 0.1.4 7.00 60.00 67.00 OK
r-patched-linux-x86_64 0.1.4 4.15 42.17 46.32 OK
r-release-linux-x86_64 0.1.4 3.72 41.73 45.45 OK
r-release-macos-arm64 0.1.4 3.00 40.00 43.00 OK
r-release-macos-x86_64 0.1.4 3.00 49.00 52.00 OK
r-release-windows-x86_64 0.1.4 7.00 60.00 67.00 OK
r-oldrel-macos-arm64 0.1.4 2.00 29.00 31.00 OK
r-oldrel-macos-x86_64 0.1.4 3.00 40.00 43.00 OK
r-oldrel-windows-x86_64 0.1.4 8.00 74.00 82.00 OK

Check Details

Version: 0.1.4
Check: CRAN incoming feasibility
Result: NOTE Maintainer: ‘Sagiru Mati <smati@smati.com.ng>’ Package CITATION file contains call(s) to old-style citEntry(). Please use bibentry() instead. Flavors: r-devel-linux-x86_64-debian-clang, r-devel-linux-x86_64-debian-gcc

These binaries (installable software) and packages are in development.
They may not be fully stable and should be used with caution. We make no claims about them.