Last updated on 2025-05-03 22:49:55 CEST.
Flavor | Version | Tinstall | Tcheck | Ttotal | Status | Flags |
---|---|---|---|---|---|---|
r-devel-linux-x86_64-debian-clang | 0.1.4 | 4.06 | 41.95 | 46.01 | NOTE | |
r-devel-linux-x86_64-debian-gcc | 0.1.4 | 3.01 | 32.36 | 35.37 | NOTE | |
r-devel-linux-x86_64-fedora-clang | 0.1.4 | 64.37 | OK | |||
r-devel-linux-x86_64-fedora-gcc | 0.1.4 | 85.80 | OK | |||
r-devel-windows-x86_64 | 0.1.4 | 7.00 | 66.00 | 73.00 | OK | |
r-patched-linux-x86_64 | 0.1.4 | 3.99 | 39.34 | 43.33 | OK | |
r-release-linux-x86_64 | OK | |||||
r-release-macos-arm64 | 0.1.4 | 43.00 | OK | |||
r-release-macos-x86_64 | 0.1.4 | 52.00 | OK | |||
r-release-windows-x86_64 | 0.1.4 | 7.00 | 61.00 | 68.00 | OK | |
r-oldrel-macos-arm64 | 0.1.4 | 31.00 | OK | |||
r-oldrel-macos-x86_64 | 0.1.4 | 43.00 | OK | |||
r-oldrel-windows-x86_64 | 0.1.4 | 7.00 | 75.00 | 82.00 | OK |
Version: 0.1.4
Check: CRAN incoming feasibility
Result: NOTE
Maintainer: ‘Sagiru Mati <smati@smati.com.ng>’
Package CITATION file contains call(s) to old-style citEntry(). Please
use bibentry() instead.
Flavors: r-devel-linux-x86_64-debian-clang, r-devel-linux-x86_64-debian-gcc
These binaries (installable software) and packages are in development.
They may not be fully stable and should be used with caution. We make no claims about them.