Last updated on 2025-11-12 19:51:50 CET.
| Flavor | Version | Tinstall | Tcheck | Ttotal | Status | Flags |
|---|---|---|---|---|---|---|
| r-devel-linux-x86_64-debian-clang | 2.0.6 | 49.56 | 151.06 | 200.62 | OK | |
| r-devel-linux-x86_64-debian-gcc | 2.0.6 | 29.59 | 105.36 | 134.95 | OK | |
| r-devel-linux-x86_64-fedora-clang | 2.0.6 | 285.00 | 76.20 | 361.20 | OK | |
| r-devel-linux-x86_64-fedora-gcc | 2.0.6 | 99.00 | 209.93 | 308.93 | OK | |
| r-devel-windows-x86_64 | 2.0.6 | 51.00 | 161.00 | 212.00 | OK | |
| r-patched-linux-x86_64 | 2.0.6 | 49.83 | 146.00 | 195.83 | OK | |
| r-release-linux-x86_64 | 2.0.6 | 47.24 | 142.25 | 189.49 | OK | |
| r-release-macos-arm64 | 2.0.6 | 18.00 | 62.00 | 80.00 | OK | |
| r-release-macos-x86_64 | 2.0.6 | 43.00 | 127.00 | 170.00 | OK | |
| r-release-windows-x86_64 | 2.0.6 | 48.00 | 163.00 | 211.00 | OK | |
| r-oldrel-macos-arm64 | 2.0.6 | 20.00 | 74.00 | 94.00 | NOTE | |
| r-oldrel-macos-x86_64 | 2.0.6 | 40.00 | 121.00 | 161.00 | NOTE | |
| r-oldrel-windows-x86_64 | 2.0.6 | 65.00 | 203.00 | 268.00 | NOTE |
Version: 2.0.6
Check: installed package size
Result: NOTE
installed size is 5.9Mb
sub-directories of 1Mb or more:
R 2.0Mb
doc 2.8Mb
Flavors: r-oldrel-macos-arm64, r-oldrel-macos-x86_64, r-oldrel-windows-x86_64
Version: 2.0.6
Check: package dependencies
Result: NOTE
Package suggested but not available for checking: 'doMC'
Flavor: r-oldrel-windows-x86_64
These binaries (installable software) and packages are in development.
They may not be fully stable and should be used with caution. We make no claims about them.