Last updated on 2025-05-01 08:52:35 CEST.
Flavor | Version | Tinstall | Tcheck | Ttotal | Status | Flags |
---|---|---|---|---|---|---|
r-devel-linux-x86_64-debian-clang | 2.0.4 | 50.43 | 146.55 | 196.98 | OK | |
r-devel-linux-x86_64-debian-gcc | 2.0.4 | 27.44 | 102.43 | 129.87 | OK | |
r-devel-linux-x86_64-fedora-clang | 2.0.4 | 313.26 | OK | |||
r-devel-linux-x86_64-fedora-gcc | 2.0.4 | 308.22 | OK | |||
r-devel-windows-x86_64 | 2.0.4 | 48.00 | 169.00 | 217.00 | OK | |
r-patched-linux-x86_64 | 2.0.4 | 47.84 | 137.83 | 185.67 | OK | |
r-release-linux-x86_64 | OK | |||||
r-release-macos-arm64 | 2.0.4 | 76.00 | OK | |||
r-release-macos-x86_64 | 2.0.4 | 163.00 | OK | |||
r-release-windows-x86_64 | 2.0.4 | 48.00 | 167.00 | 215.00 | OK | |
r-oldrel-macos-arm64 | 2.0.4 | 79.00 | NOTE | |||
r-oldrel-macos-x86_64 | 2.0.4 | 168.00 | NOTE | |||
r-oldrel-windows-x86_64 | 2.0.4 | 64.00 | 199.00 | 263.00 | NOTE |
Version: 2.0.4
Check: installed package size
Result: NOTE
installed size is 5.8Mb
sub-directories of 1Mb or more:
R 2.0Mb
doc 2.8Mb
Flavors: r-oldrel-macos-arm64, r-oldrel-macos-x86_64, r-oldrel-windows-x86_64
Version: 2.0.4
Check: package dependencies
Result: NOTE
Package suggested but not available for checking: 'doMC'
Flavor: r-oldrel-windows-x86_64
These binaries (installable software) and packages are in development.
They may not be fully stable and should be used with caution. We make no claims about them.