CRAN Package Check Results for Package grf

Last updated on 2025-07-26 03:49:51 CEST.

Flavor Version Tinstall Tcheck Ttotal Status Flags
r-devel-linux-x86_64-debian-clang 2.4.0 284.53 82.03 366.56 OK
r-devel-linux-x86_64-debian-gcc 2.4.0 189.61 69.23 258.84 OK
r-devel-linux-x86_64-fedora-clang 2.4.0 686.15 OK
r-devel-linux-x86_64-fedora-gcc 2.4.0 619.99 OK
r-devel-windows-x86_64 2.4.0 323.00 148.00 471.00 OK
r-patched-linux-x86_64 2.4.0 273.98 92.40 366.38 OK
r-release-linux-x86_64 2.4.0 266.29 90.77 357.06 OK
r-release-macos-arm64 2.4.0 166.00 OK
r-release-macos-x86_64 2.4.0 148.00 OK
r-release-windows-x86_64 2.4.0 317.00 161.00 478.00 OK
r-oldrel-macos-arm64 2.4.0 254.00 NOTE
r-oldrel-macos-x86_64 2.4.0 257.00 NOTE
r-oldrel-windows-x86_64 2.4.0 369.00 174.00 543.00 NOTE

Check Details

Version: 2.4.0
Check: installed package size
Result: NOTE installed size is 39.0Mb sub-directories of 1Mb or more: libs 38.5Mb Flavors: r-oldrel-macos-arm64, r-oldrel-macos-x86_64

Version: 2.4.0
Check: for GNU extensions in Makefiles
Result: NOTE GNU make is a SystemRequirements. Flavors: r-oldrel-macos-arm64, r-oldrel-macos-x86_64, r-oldrel-windows-x86_64

These binaries (installable software) and packages are in development.
They may not be fully stable and should be used with caution. We make no claims about them.