Last updated on 2024-07-27 15:50:19 CEST.
Flavor | Version | Tinstall | Tcheck | Ttotal | Status | Flags |
---|---|---|---|---|---|---|
r-devel-linux-x86_64-debian-clang | 2.3.2 | 397.06 | 101.91 | 498.97 | NOTE | |
r-devel-linux-x86_64-debian-gcc | 2.3.2 | NOTE | ||||
r-devel-linux-x86_64-fedora-clang | 2.3.2 | 778.12 | NOTE | |||
r-devel-linux-x86_64-fedora-gcc | 2.3.2 | 724.06 | NOTE | |||
r-devel-windows-x86_64 | 2.3.2 | 301.00 | 131.00 | 432.00 | NOTE | |
r-patched-linux-x86_64 | 2.3.2 | NOTE | ||||
r-release-linux-x86_64 | 2.3.2 | 306.65 | 114.17 | 420.82 | NOTE | |
r-release-macos-arm64 | 2.3.2 | 146.00 | NOTE | |||
r-release-macos-x86_64 | 2.3.2 | 113.00 | NOTE | |||
r-release-windows-x86_64 | 2.3.2 | 321.00 | 135.00 | 456.00 | NOTE | |
r-oldrel-macos-arm64 | 2.3.2 | 129.00 | NOTE | |||
r-oldrel-macos-x86_64 | 2.3.2 | 161.00 | NOTE | |||
r-oldrel-windows-x86_64 | 2.3.2 | 359.00 | 167.00 | 526.00 | NOTE |
Version: 2.3.2
Check: for GNU extensions in Makefiles
Result: NOTE
GNU make is a SystemRequirements.
Flavors: r-devel-linux-x86_64-debian-clang, r-devel-linux-x86_64-debian-gcc, r-devel-linux-x86_64-fedora-clang, r-devel-linux-x86_64-fedora-gcc, r-devel-windows-x86_64, r-patched-linux-x86_64, r-release-linux-x86_64, r-release-macos-arm64, r-release-macos-x86_64, r-release-windows-x86_64, r-oldrel-macos-arm64, r-oldrel-macos-x86_64, r-oldrel-windows-x86_64
Version: 2.3.2
Check: installed package size
Result: NOTE
installed size is 39.5Mb
sub-directories of 1Mb or more:
libs 39.0Mb
Flavors: r-release-macos-arm64, r-release-macos-x86_64, r-oldrel-macos-arm64, r-oldrel-macos-x86_64
These binaries (installable software) and packages are in development.
They may not be fully stable and should be used with caution. We make no claims about them.