Last updated on 2025-07-26 07:50:23 CEST.
Flavor | Version | Tinstall | Tcheck | Ttotal | Status | Flags |
---|---|---|---|---|---|---|
r-devel-linux-x86_64-debian-clang | 0.5-1 | 4.66 | 43.82 | 48.48 | NOTE | |
r-devel-linux-x86_64-debian-gcc | 0.5-1 | 3.57 | 34.50 | 38.07 | NOTE | |
r-devel-linux-x86_64-fedora-clang | 0.5-1 | 74.29 | OK | |||
r-devel-linux-x86_64-fedora-gcc | 0.5-1 | 72.45 | OK | |||
r-devel-windows-x86_64 | 0.5-1 | 7.00 | 57.00 | 64.00 | OK | |
r-patched-linux-x86_64 | 0.5-1 | 4.77 | 41.72 | 46.49 | OK | |
r-release-linux-x86_64 | 0.5-1 | 4.70 | 42.83 | 47.53 | OK | |
r-release-macos-arm64 | 0.5-1 | 31.00 | OK | |||
r-release-macos-x86_64 | 0.5-1 | 46.00 | OK | |||
r-release-windows-x86_64 | 0.5-1 | 6.00 | 59.00 | 65.00 | OK | |
r-oldrel-macos-arm64 | 0.5-1 | 27.00 | OK | |||
r-oldrel-macos-x86_64 | 0.5-1 | 60.00 | OK | |||
r-oldrel-windows-x86_64 | 0.5-1 | 7.00 | 70.00 | 77.00 | OK |
Version: 0.5-1
Check: CRAN incoming feasibility
Result: NOTE
Maintainer: ‘Paul Murrell <p.murrell@auckland.ac.nz>’
No Authors@R field in DESCRIPTION.
Please add one, modifying
Authors@R: c(person(given = "Paul",
family = "Murrell",
role = c("aut", "cre"),
email = "p.murrell@auckland.ac.nz"),
person(given = "Velvet",
family = "Ly.",
role = "aut"))
as necessary.
Flavors: r-devel-linux-x86_64-debian-clang, r-devel-linux-x86_64-debian-gcc
These binaries (installable software) and packages are in development.
They may not be fully stable and should be used with caution. We make no claims about them.