Last updated on 2025-02-16 08:50:49 CET.
Flavor | Version | Tinstall | Tcheck | Ttotal | Status | Flags |
---|---|---|---|---|---|---|
r-devel-linux-x86_64-debian-clang | 0.6 | 5.57 | 89.71 | 95.28 | OK | |
r-devel-linux-x86_64-debian-gcc | 0.6 | 4.56 | 58.37 | 62.93 | OK | |
r-devel-linux-x86_64-fedora-clang | 0.6 | 158.28 | NOTE | |||
r-devel-linux-x86_64-fedora-gcc | 0.6 | 158.85 | NOTE | |||
r-devel-macos-arm64 | 0.6 | 49.00 | OK | |||
r-devel-macos-x86_64 | 0.6 | 103.00 | OK | |||
r-devel-windows-x86_64 | 0.6 | 8.00 | 107.00 | 115.00 | OK | |
r-patched-linux-x86_64 | 0.6 | 4.69 | 83.26 | 87.95 | OK | |
r-release-linux-x86_64 | 0.6 | 4.42 | 82.42 | 86.84 | OK | |
r-release-macos-arm64 | 0.6 | 50.00 | OK | |||
r-release-macos-x86_64 | 0.6 | 96.00 | OK | |||
r-release-windows-x86_64 | 0.6 | 8.00 | 109.00 | 117.00 | OK | |
r-oldrel-macos-arm64 | 0.6 | 52.00 | OK | |||
r-oldrel-macos-x86_64 | 0.6 | 84.00 | OK | |||
r-oldrel-windows-x86_64 | 0.6 | 9.00 | 122.00 | 131.00 | OK |
Version: 0.6
Check: dependencies in R code
Result: NOTE
Namespace in Imports field not imported from: ‘BiasedUrn’
All declared Imports should be used.
Flavors: r-devel-linux-x86_64-fedora-clang, r-devel-linux-x86_64-fedora-gcc
These binaries (installable software) and packages are in development.
They may not be fully stable and should be used with caution. We make no claims about them.