Last updated on 2025-02-16 08:50:49 CET.
Flavor | Version | Tinstall | Tcheck | Ttotal | Status | Flags |
---|---|---|---|---|---|---|
r-devel-linux-x86_64-debian-clang | 0.1.5 | 23.64 | 35.00 | 58.64 | NOTE | |
r-devel-linux-x86_64-debian-gcc | 0.1.5 | 19.08 | 25.83 | 44.91 | NOTE | |
r-devel-linux-x86_64-fedora-clang | 0.1.5 | 103.84 | NOTE | |||
r-devel-linux-x86_64-fedora-gcc | 0.1.5 | 108.44 | NOTE | |||
r-devel-macos-arm64 | 0.1.5 | 36.00 | NOTE | |||
r-devel-macos-x86_64 | 0.1.5 | 55.00 | NOTE | |||
r-devel-windows-x86_64 | 0.1.5 | 31.00 | 70.00 | 101.00 | NOTE | |
r-patched-linux-x86_64 | 0.1.5 | 27.68 | 32.89 | 60.57 | NOTE | |
r-release-linux-x86_64 | 0.1.5 | 27.91 | 32.79 | 60.70 | NOTE | |
r-release-macos-arm64 | 0.1.5 | 33.00 | NOTE | |||
r-release-macos-x86_64 | 0.1.5 | 40.00 | NOTE | |||
r-release-windows-x86_64 | 0.1.5 | 29.00 | 74.00 | 103.00 | NOTE | |
r-oldrel-macos-arm64 | 0.1.5 | 36.00 | NOTE | |||
r-oldrel-macos-x86_64 | 0.1.5 | 57.00 | NOTE | |||
r-oldrel-windows-x86_64 | 0.1.5 | 36.00 | 80.00 | 116.00 | NOTE |
Version: 0.1.5
Check: C++ specification
Result: NOTE
Specified C++11: please drop specification unless essential
Flavors: r-devel-linux-x86_64-debian-clang, r-devel-linux-x86_64-debian-gcc, r-devel-linux-x86_64-fedora-clang, r-devel-linux-x86_64-fedora-gcc, r-devel-macos-arm64, r-devel-macos-x86_64, r-devel-windows-x86_64, r-patched-linux-x86_64, r-release-linux-x86_64, r-release-macos-arm64, r-release-macos-x86_64, r-release-windows-x86_64, r-oldrel-macos-arm64, r-oldrel-macos-x86_64, r-oldrel-windows-x86_64
These binaries (installable software) and packages are in development.
They may not be fully stable and should be used with caution. We make no claims about them.