Last updated on 2025-05-21 21:49:18 CEST.
Flavor | Version | Tinstall | Tcheck | Ttotal | Status | Flags |
---|---|---|---|---|---|---|
r-devel-linux-x86_64-debian-clang | 0.1.5 | 25.15 | 36.34 | 61.49 | NOTE | |
r-devel-linux-x86_64-debian-gcc | 0.1.5 | 19.80 | 27.68 | 47.48 | NOTE | |
r-devel-linux-x86_64-fedora-clang | 0.1.5 | 109.69 | NOTE | |||
r-devel-linux-x86_64-fedora-gcc | 0.1.5 | 110.86 | NOTE | |||
r-devel-windows-x86_64 | 0.1.5 | 31.00 | 76.00 | 107.00 | NOTE | |
r-patched-linux-x86_64 | 0.1.5 | 26.60 | 33.63 | 60.23 | NOTE | |
r-release-linux-x86_64 | 0.1.5 | 29.41 | 33.86 | 63.27 | NOTE | |
r-release-macos-arm64 | 0.1.5 | 45.00 | NOTE | |||
r-release-macos-x86_64 | 0.1.5 | 76.00 | NOTE | |||
r-release-windows-x86_64 | 0.1.5 | 33.00 | 83.00 | 116.00 | NOTE | |
r-oldrel-macos-arm64 | 0.1.5 | 33.00 | NOTE | |||
r-oldrel-macos-x86_64 | 0.1.5 | 40.00 | NOTE | |||
r-oldrel-windows-x86_64 | 0.1.5 | 38.00 | 85.00 | 123.00 | NOTE |
Version: 0.1.5
Check: C++ specification
Result: NOTE
Specified C++11: please drop specification unless essential
Flavors: r-devel-linux-x86_64-debian-clang, r-devel-linux-x86_64-debian-gcc, r-devel-linux-x86_64-fedora-clang, r-devel-linux-x86_64-fedora-gcc, r-devel-windows-x86_64, r-patched-linux-x86_64, r-release-linux-x86_64, r-release-macos-arm64, r-release-macos-x86_64, r-release-windows-x86_64, r-oldrel-macos-arm64, r-oldrel-macos-x86_64, r-oldrel-windows-x86_64
Version: 0.1.5
Check: DESCRIPTION meta-information
Result: NOTE
Author field differs from that derived from Authors@R
Author: ‘Claus O. Wilke [aut] (<https://orcid.org/0000-0002-7470-9261>), Brenton M. Wiernik [aut, cre] (<https://orcid.org/0000-0001-9560-6336>, @bmwiernik)’
Authors@R: ‘Claus O. Wilke [aut] (ORCID: <https://orcid.org/0000-0002-7470-9261>), Brenton M. Wiernik [aut, cre] (ORCID: <https://orcid.org/0000-0001-9560-6336>, Twitter: @bmwiernik)’
Flavors: r-devel-linux-x86_64-debian-clang, r-devel-linux-x86_64-debian-gcc
These binaries (installable software) and packages are in development.
They may not be fully stable and should be used with caution. We make no claims about them.