Last updated on 2025-11-04 11:52:32 CET.
| Flavor | Version | Tinstall | Tcheck | Ttotal | Status | Flags | 
|---|---|---|---|---|---|---|
| r-devel-linux-x86_64-debian-clang | 1.1.0 | 4.02 | 218.86 | 222.88 | OK | |
| r-devel-linux-x86_64-debian-gcc | 1.1.0 | 2.83 | 161.66 | 164.49 | OK | |
| r-devel-linux-x86_64-fedora-clang | 1.1.0 | 19.00 | 274.73 | 293.73 | NOTE | |
| r-devel-linux-x86_64-fedora-gcc | 1.1.0 | 342.19 | NOTE | |||
| r-devel-windows-x86_64 | 1.1.0 | 6.00 | 254.00 | 260.00 | OK | |
| r-patched-linux-x86_64 | 1.1.0 | 3.72 | 225.30 | 229.02 | OK | |
| r-release-linux-x86_64 | 1.1.0 | 3.87 | 225.66 | 229.53 | OK | |
| r-release-macos-arm64 | 1.1.0 | 2.00 | 235.00 | 237.00 | OK | |
| r-release-macos-x86_64 | 1.1.0 | 4.00 | 395.00 | 399.00 | OK | |
| r-release-windows-x86_64 | 1.1.0 | 6.00 | 242.00 | 248.00 | OK | |
| r-oldrel-macos-arm64 | 1.1.0 | 2.00 | 240.00 | 242.00 | OK | |
| r-oldrel-macos-x86_64 | 1.1.0 | 3.00 | 331.00 | 334.00 | OK | |
| r-oldrel-windows-x86_64 | 1.1.0 | 7.00 | 480.00 | 487.00 | OK | 
Version: 1.1.0
Check: dependencies in R code
Result: NOTE
  Namespace in Imports field not imported from: ‘msm’
    All declared Imports should be used.
Flavors: r-devel-linux-x86_64-fedora-clang, r-devel-linux-x86_64-fedora-gcc
These binaries (installable software) and packages are in development.
They may not be fully stable and should be used with caution. We make no claims about them.