Last updated on 2025-05-01 15:49:33 CEST.
Flavor | Version | Tinstall | Tcheck | Ttotal | Status | Flags |
---|---|---|---|---|---|---|
r-devel-linux-x86_64-debian-clang | 0.1.0 | 1.54 | 16.34 | 17.88 | NOTE | |
r-devel-linux-x86_64-debian-gcc | 0.1.0 | 1.24 | 13.78 | 15.02 | NOTE | |
r-devel-linux-x86_64-fedora-clang | 0.1.0 | 28.08 | OK | |||
r-devel-linux-x86_64-fedora-gcc | 0.1.0 | 27.28 | OK | |||
r-devel-windows-x86_64 | 0.1.0 | 3.00 | 34.00 | 37.00 | OK | |
r-patched-linux-x86_64 | 0.1.0 | 1.66 | 15.67 | 17.33 | OK | |
r-release-linux-x86_64 | OK | |||||
r-release-macos-arm64 | 0.1.0 | 14.00 | OK | |||
r-release-macos-x86_64 | 0.1.0 | 28.00 | OK | |||
r-release-windows-x86_64 | 0.1.0 | 3.00 | 35.00 | 38.00 | OK | |
r-oldrel-macos-arm64 | 0.1.0 | 17.00 | OK | |||
r-oldrel-macos-x86_64 | 0.1.0 | 18.00 | OK | |||
r-oldrel-windows-x86_64 | 0.1.0 | 3.00 | 35.00 | 38.00 | OK |
Version: 0.1.0
Check: CRAN incoming feasibility
Result: NOTE
Maintainer: ‘Pierre-Olivier Chasset <pierre-olivier@chasset.net>’
No Authors@R field in DESCRIPTION.
Please add one, modifying
Authors@R: person(given = "Pierre-Olivier",
family = "Chasset",
role = c("aut", "cre"),
email = "pierre-olivier@chasset.net")
as necessary.
Found the following \keyword or \concept entries
which likely give several index terms:
File ‘grnn-package.Rd’:
\keyword{network,}
Flavors: r-devel-linux-x86_64-debian-clang, r-devel-linux-x86_64-debian-gcc
These binaries (installable software) and packages are in development.
They may not be fully stable and should be used with caution. We make no claims about them.