Last updated on 2025-05-01 17:56:05 CEST.
Flavor | Version | Tinstall | Tcheck | Ttotal | Status | Flags |
---|---|---|---|---|---|---|
r-devel-linux-x86_64-debian-clang | 1.0.10 | 12.13 | 76.44 | 88.57 | NOTE | |
r-devel-linux-x86_64-debian-gcc | 1.0.10 | 7.97 | 55.15 | 63.12 | OK | |
r-devel-linux-x86_64-fedora-clang | 1.0.10 | 138.61 | OK | |||
r-devel-linux-x86_64-fedora-gcc | 1.0.10 | 129.27 | OK | |||
r-devel-windows-x86_64 | 1.0.10 | 14.00 | 90.00 | 104.00 | OK | |
r-patched-linux-x86_64 | 1.0.10 | 10.09 | 71.24 | 81.33 | OK | |
r-release-linux-x86_64 | OK | |||||
r-release-macos-arm64 | 1.0.10 | 45.00 | OK | |||
r-release-macos-x86_64 | 1.0.10 | 77.00 | OK | |||
r-release-windows-x86_64 | 1.0.10 | 14.00 | 91.00 | 105.00 | OK | |
r-oldrel-macos-arm64 | 1.0.10 | 42.00 | OK | |||
r-oldrel-macos-x86_64 | 1.0.10 | 92.00 | OK | |||
r-oldrel-windows-x86_64 | 1.0.10 | 17.00 | 109.00 | 126.00 | OK |
Version: 1.0.10
Check: examples
Result: NOTE
Examples with CPU (user + system) or elapsed time > 5s
user system elapsed
predict.groc 5.228 0.004 6.12
Flavor: r-devel-linux-x86_64-debian-clang
These binaries (installable software) and packages are in development.
They may not be fully stable and should be used with caution. We make no claims about them.