CRAN Package Check Results for Package groupWQS

Last updated on 2025-07-02 03:50:42 CEST.

Flavor Version Tinstall Tcheck Ttotal Status Flags
r-devel-linux-x86_64-debian-clang 0.0.3 3.47 92.64 96.11 NOTE
r-devel-linux-x86_64-debian-gcc 0.0.3 2.75 58.86 61.61 NOTE
r-devel-linux-x86_64-fedora-clang 0.0.3 168.52 NOTE
r-devel-linux-x86_64-fedora-gcc 0.0.3 184.03 NOTE
r-devel-windows-x86_64 0.0.3 5.00 113.00 118.00 OK
r-patched-linux-x86_64 OK
r-release-linux-x86_64 0.0.3 2.42 87.43 89.85 OK
r-release-macos-arm64 0.0.3 57.00 OK
r-release-macos-x86_64 0.0.3 104.00 OK
r-release-windows-x86_64 0.0.3 5.00 111.00 116.00 OK
r-oldrel-macos-arm64 0.0.3 42.00 OK
r-oldrel-macos-x86_64 0.0.3 75.00 OK
r-oldrel-windows-x86_64 0.0.3 6.00 144.00 150.00 OK

Check Details

Version: 0.0.3
Check: CRAN incoming feasibility
Result: NOTE Maintainer: ‘Matthew Carli <carlimm@mymail.vcu.edu>’ No Authors@R field in DESCRIPTION. Please add one, modifying Authors@R: c(person(given = "David", family = "Wheeler", role = "aut"), person(given = "Matthew", family = "Carli", role = c("aut", "cre"), email = "carlimm@mymail.vcu.edu")) as necessary. Flavors: r-devel-linux-x86_64-debian-clang, r-devel-linux-x86_64-debian-gcc

Version: 0.0.3
Check: dependencies in R code
Result: NOTE Namespaces in Imports field not imported from: ‘MASS’ ‘rjags’ All declared Imports should be used. Flavors: r-devel-linux-x86_64-fedora-clang, r-devel-linux-x86_64-fedora-gcc

These binaries (installable software) and packages are in development.
They may not be fully stable and should be used with caution. We make no claims about them.