CRAN Package Check Results for Package groupedSurv

Last updated on 2025-11-12 12:53:11 CET.

Flavor Version Tinstall Tcheck Ttotal Status Flags
r-devel-linux-x86_64-debian-clang 1.0.5.1 69.21 70.92 140.13 NOTE
r-devel-linux-x86_64-debian-gcc 1.0.5.1 45.00 54.14 99.14 NOTE
r-devel-linux-x86_64-fedora-clang 1.0.5.1 237.00 27.76 264.76 OK
r-devel-linux-x86_64-fedora-gcc 1.0.5.1 131.00 111.46 242.46 OK
r-devel-windows-x86_64 1.0.5.1 79.00 113.00 192.00 OK
r-patched-linux-x86_64 1.0.5.1 69.76 70.37 140.13 OK
r-release-linux-x86_64 1.0.5.1 64.19 70.67 134.86 OK
r-release-macos-arm64 1.0.5.1 27.00 45.00 72.00 OK
r-release-macos-x86_64 1.0.5.1 28.00 64.00 92.00 OK
r-release-windows-x86_64 1.0.5.1 78.00 118.00 196.00 OK
r-oldrel-macos-arm64 1.0.5.1 30.00 33.00 63.00 NOTE
r-oldrel-macos-x86_64 1.0.5.1 29.00 76.00 105.00 NOTE
r-oldrel-windows-x86_64 1.0.5.1 95.00 138.00 233.00 OK

Check Details

Version: 1.0.5.1
Check: CRAN incoming feasibility
Result: NOTE Maintainer: ‘Alexander Sibley <dcibioinformatics@duke.edu>’ No Authors@R field in DESCRIPTION. Please add one, modifying Authors@R: c(person(given = "Jiaxing", family = "Lin", role = "aut"), person(given = "Alexander", family = "Sibley", role = c("aut", "cre"), email = "dcibioinformatics@duke.edu"), person(given = "Tracy", family = "Truong", role = "aut"), person(given = "Kouros", family = "Owzar", role = "aut"), person(given = "Zhiguo", family = "Li", role = "aut"), person(given = "Layne", family = "Rogers", role = "ctb"), person(given = "Yu", family = "Jiang", role = "ctb"), person(given = "Janice", family = "McCarthy", role = "ctb"), person(given = "Andrew", family = "Allen", role = "ctb")) as necessary. Flavors: r-devel-linux-x86_64-debian-clang, r-devel-linux-x86_64-debian-gcc

Version: 1.0.5.1
Check: installed package size
Result: NOTE installed size is 9.7Mb sub-directories of 1Mb or more: libs 9.3Mb Flavors: r-oldrel-macos-arm64, r-oldrel-macos-x86_64

These binaries (installable software) and packages are in development.
They may not be fully stable and should be used with caution. We make no claims about them.