Last updated on 2025-02-16 08:50:49 CET.
Flavor | Version | Tinstall | Tcheck | Ttotal | Status | Flags |
---|---|---|---|---|---|---|
r-devel-linux-x86_64-debian-clang | 1.0.5.1 | 68.30 | 53.94 | 122.24 | OK | |
r-devel-linux-x86_64-debian-gcc | 1.0.5.1 | 46.80 | 43.23 | 90.03 | OK | |
r-devel-linux-x86_64-fedora-clang | 1.0.5.1 | 223.05 | OK | |||
r-devel-linux-x86_64-fedora-gcc | 1.0.5.1 | 241.24 | OK | |||
r-devel-macos-arm64 | 1.0.5.1 | 64.00 | OK | |||
r-devel-macos-x86_64 | 1.0.5.1 | 90.00 | OK | |||
r-devel-windows-x86_64 | 1.0.5.1 | 69.00 | 104.00 | 173.00 | OK | |
r-patched-linux-x86_64 | 1.0.5.1 | 68.62 | 52.70 | 121.32 | OK | |
r-release-linux-x86_64 | 1.0.5.1 | 65.81 | 52.98 | 118.79 | OK | |
r-release-macos-arm64 | 1.0.5.1 | 63.00 | NOTE | |||
r-release-macos-x86_64 | 1.0.5.1 | 105.00 | NOTE | |||
r-release-windows-x86_64 | 1.0.5.1 | 70.00 | 107.00 | 177.00 | OK | |
r-oldrel-macos-arm64 | 1.0.5.1 | 155.00 | NOTE | |||
r-oldrel-macos-x86_64 | 1.0.5.1 | 147.00 | NOTE | |||
r-oldrel-windows-x86_64 | 1.0.5.1 | 89.00 | 119.00 | 208.00 | OK |
Version: 1.0.5.1
Check: installed package size
Result: NOTE
installed size is 9.7Mb
sub-directories of 1Mb or more:
libs 9.3Mb
Flavors: r-release-macos-arm64, r-release-macos-x86_64, r-oldrel-macos-arm64, r-oldrel-macos-x86_64
These binaries (installable software) and packages are in development.
They may not be fully stable and should be used with caution. We make no claims about them.