Last updated on 2025-02-16 08:50:49 CET.
Flavor | Version | Tinstall | Tcheck | Ttotal | Status | Flags |
---|---|---|---|---|---|---|
r-devel-linux-x86_64-debian-clang | 1.1.1 | 42.84 | 28.83 | 71.67 | OK | |
r-devel-linux-x86_64-debian-gcc | 1.1.1 | 28.80 | 22.03 | 50.83 | OK | |
r-devel-linux-x86_64-fedora-clang | 1.1.1 | 135.71 | NOTE | |||
r-devel-linux-x86_64-fedora-gcc | 1.1.1 | 138.90 | NOTE | |||
r-devel-macos-arm64 | 1.1.1 | 34.00 | OK | |||
r-devel-macos-x86_64 | 1.1.1 | 52.00 | OK | |||
r-devel-windows-x86_64 | 1.1.1 | 44.00 | 71.00 | 115.00 | OK | |
r-patched-linux-x86_64 | 1.1.1 | 43.22 | 27.67 | 70.89 | OK | |
r-release-linux-x86_64 | 1.1.1 | 42.72 | 27.81 | 70.53 | OK | |
r-release-macos-arm64 | 1.1.1 | 34.00 | OK | |||
r-release-macos-x86_64 | 1.1.1 | 40.00 | OK | |||
r-release-windows-x86_64 | 1.1.1 | 45.00 | 77.00 | 122.00 | OK | |
r-oldrel-macos-arm64 | 1.1.1 | 43.00 | OK | |||
r-oldrel-macos-x86_64 | 1.1.1 | 72.00 | OK | |||
r-oldrel-windows-x86_64 | 1.1.1 | 57.00 | 76.00 | 133.00 | OK |
Version: 1.1.1
Check: compiled code
Result: NOTE
File ‘grove/libs/grove.so’:
Found no calls to: ‘R_registerRoutines’, ‘R_useDynamicSymbols’
It is good practice to register native routines and to disable symbol
search.
See ‘Writing portable packages’ in the ‘Writing R Extensions’ manual.
Flavors: r-devel-linux-x86_64-fedora-clang, r-devel-linux-x86_64-fedora-gcc
These binaries (installable software) and packages are in development.
They may not be fully stable and should be used with caution. We make no claims about them.