Last updated on 2025-05-01 08:52:35 CEST.
Flavor | Version | Tinstall | Tcheck | Ttotal | Status | Flags |
---|---|---|---|---|---|---|
r-devel-linux-x86_64-debian-clang | 1.1.1 | 42.09 | 29.57 | 71.66 | NOTE | |
r-devel-linux-x86_64-debian-gcc | 1.1.1 | 29.52 | 22.87 | 52.39 | NOTE | |
r-devel-linux-x86_64-fedora-clang | 1.1.1 | 133.75 | NOTE | |||
r-devel-linux-x86_64-fedora-gcc | 1.1.1 | 126.33 | NOTE | |||
r-devel-windows-x86_64 | 1.1.1 | 48.00 | 76.00 | 124.00 | OK | |
r-patched-linux-x86_64 | 1.1.1 | 42.78 | 28.67 | 71.45 | OK | |
r-release-linux-x86_64 | OK | |||||
r-release-macos-arm64 | 1.1.1 | 35.00 | OK | |||
r-release-macos-x86_64 | 1.1.1 | 52.00 | OK | |||
r-release-windows-x86_64 | 1.1.1 | 49.00 | 80.00 | 129.00 | OK | |
r-oldrel-macos-arm64 | 1.1.1 | 34.00 | OK | |||
r-oldrel-macos-x86_64 | 1.1.1 | 40.00 | OK | |||
r-oldrel-windows-x86_64 | 1.1.1 | 55.00 | 81.00 | 136.00 | OK |
Version: 1.1.1
Check: CRAN incoming feasibility
Result: NOTE
Maintainer: ‘Li Ma <li.ma@duke.edu>’
No Authors@R field in DESCRIPTION.
Please add one, modifying
Authors@R: c(person(given = "Jacopo",
family = "Soriano",
role = "aut"),
person(given = "Li",
family = "Ma",
role = c("aut", "cre"),
email = "li.ma@duke.edu"))
as necessary.
The Description field contains
<arXiv:1602.03990v2 [stat.ME]>.
Please refer to arXiv e-prints via their arXiv DOI <doi:10.48550/arXiv.YYMM.NNNNN>.
Flavors: r-devel-linux-x86_64-debian-clang, r-devel-linux-x86_64-debian-gcc
Version: 1.1.1
Check: compiled code
Result: NOTE
File ‘grove/libs/grove.so’:
Found no calls to: ‘R_registerRoutines’, ‘R_useDynamicSymbols’
It is good practice to register native routines and to disable symbol
search.
See ‘Writing portable packages’ in the ‘Writing R Extensions’ manual.
Flavors: r-devel-linux-x86_64-fedora-clang, r-devel-linux-x86_64-fedora-gcc
These binaries (installable software) and packages are in development.
They may not be fully stable and should be used with caution. We make no claims about them.