Last updated on 2025-02-16 08:50:49 CET.
Flavor | Version | Tinstall | Tcheck | Ttotal | Status | Flags |
---|---|---|---|---|---|---|
r-devel-linux-x86_64-debian-clang | 0.16 | 183.51 | 110.97 | 294.48 | OK | |
r-devel-linux-x86_64-debian-gcc | 0.16 | 144.62 | 72.18 | 216.80 | OK | |
r-devel-linux-x86_64-fedora-clang | 0.16 | 531.42 | OK | |||
r-devel-linux-x86_64-fedora-gcc | 0.16 | 597.90 | OK | |||
r-devel-macos-arm64 | 0.16 | 107.00 | OK | |||
r-devel-macos-x86_64 | 0.16 | 196.00 | OK | |||
r-devel-windows-x86_64 | 0.16 | 194.00 | 148.00 | 342.00 | OK | |
r-patched-linux-x86_64 | 0.16 | 197.55 | 102.16 | 299.71 | OK | |
r-release-linux-x86_64 | 0.16 | 196.86 | 101.05 | 297.91 | OK | |
r-release-macos-arm64 | 0.16 | 118.00 | NOTE | |||
r-release-macos-x86_64 | 0.16 | 145.00 | NOTE | |||
r-release-windows-x86_64 | 0.16 | 194.00 | 146.00 | 340.00 | OK | |
r-oldrel-macos-arm64 | 0.16 | 127.00 | NOTE | |||
r-oldrel-macos-x86_64 | 0.16 | 178.00 | NOTE | |||
r-oldrel-windows-x86_64 | 0.16 | 235.00 | 191.00 | 426.00 | OK |
Version: 0.16
Check: installed package size
Result: NOTE
installed size is 13.3Mb
sub-directories of 1Mb or more:
libs 12.8Mb
Flavors: r-release-macos-arm64, r-release-macos-x86_64, r-oldrel-macos-arm64, r-oldrel-macos-x86_64
These binaries (installable software) and packages are in development.
They may not be fully stable and should be used with caution. We make no claims about them.