Last updated on 2025-07-02 01:51:39 CEST.
Flavor | Version | Tinstall | Tcheck | Ttotal | Status | Flags |
---|---|---|---|---|---|---|
r-devel-linux-x86_64-debian-clang | 0.16 | 193.09 | 120.69 | 313.78 | NOTE | |
r-devel-linux-x86_64-debian-gcc | 0.16 | 142.63 | 78.91 | 221.54 | NOTE | |
r-devel-linux-x86_64-fedora-clang | 0.16 | 526.79 | OK | |||
r-devel-linux-x86_64-fedora-gcc | 0.16 | 539.43 | OK | |||
r-devel-windows-x86_64 | 0.16 | 212.00 | 151.00 | 363.00 | OK | |
r-patched-linux-x86_64 | OK | |||||
r-release-linux-x86_64 | 0.16 | 200.74 | 110.04 | 310.78 | OK | |
r-release-macos-arm64 | 0.16 | 127.00 | OK | |||
r-release-macos-x86_64 | 0.16 | 182.00 | OK | |||
r-release-windows-x86_64 | 0.16 | 212.00 | 155.00 | 367.00 | OK | |
r-oldrel-macos-arm64 | 0.16 | 118.00 | NOTE | |||
r-oldrel-macos-x86_64 | 0.16 | 145.00 | NOTE | |||
r-oldrel-windows-x86_64 | 0.16 | 250.00 | 188.00 | 438.00 | OK |
Version: 0.16
Check: CRAN incoming feasibility
Result: NOTE
Maintainer: ‘Terrance Savitsky <tds151@gmail.com>’
No Authors@R field in DESCRIPTION.
Please add one, modifying
Authors@R: person(given = "Terrance",
family = "Savitsky",
role = c("aut", "cre"),
email = "tds151@gmail.com")
as necessary.
Flavors: r-devel-linux-x86_64-debian-clang, r-devel-linux-x86_64-debian-gcc
Version: 0.16
Check: installed package size
Result: NOTE
installed size is 13.3Mb
sub-directories of 1Mb or more:
libs 12.8Mb
Flavors: r-oldrel-macos-arm64, r-oldrel-macos-x86_64
These binaries (installable software) and packages are in development.
They may not be fully stable and should be used with caution. We make no claims about them.