Last updated on 2025-02-16 08:50:49 CET.
Flavor | Version | Tinstall | Tcheck | Ttotal | Status | Flags |
---|---|---|---|---|---|---|
r-devel-linux-x86_64-debian-clang | 2.2.0 | 16.10 | 81.16 | 97.26 | OK | |
r-devel-linux-x86_64-debian-gcc | 2.2.0 | 8.27 | 53.56 | 61.83 | OK | |
r-devel-linux-x86_64-fedora-clang | 2.2.0 | 156.21 | OK | |||
r-devel-linux-x86_64-fedora-gcc | 2.2.0 | 140.59 | OK | |||
r-devel-macos-arm64 | 2.2.0 | 42.00 | OK | |||
r-devel-macos-x86_64 | 2.2.0 | 81.00 | OK | |||
r-devel-windows-x86_64 | 2.2.0 | 15.00 | 95.00 | 110.00 | OK | |
r-patched-linux-x86_64 | 2.2.0 | 14.62 | 73.03 | 87.65 | OK | |
r-release-linux-x86_64 | 2.2.0 | 11.15 | 72.89 | 84.04 | OK | |
r-release-macos-arm64 | 2.2.0 | 41.00 | NOTE | |||
r-release-macos-x86_64 | 2.2.0 | 78.00 | NOTE | |||
r-release-windows-x86_64 | 2.2.0 | 15.00 | 96.00 | 111.00 | NOTE | |
r-oldrel-macos-arm64 | 2.2.0 | 52.00 | NOTE | |||
r-oldrel-macos-x86_64 | 2.2.0 | 95.00 | NOTE | |||
r-oldrel-windows-x86_64 | 2.2.0 | 21.00 | 106.00 | 127.00 | NOTE |
Version: 2.2.0
Check: installed package size
Result: NOTE
installed size is 6.0Mb
sub-directories of 1Mb or more:
extdata 5.0Mb
Flavors: r-release-macos-arm64, r-release-macos-x86_64, r-release-windows-x86_64, r-oldrel-macos-arm64, r-oldrel-macos-x86_64, r-oldrel-windows-x86_64
These binaries (installable software) and packages are in development.
They may not be fully stable and should be used with caution. We make no claims about them.