Last updated on 2025-07-02 03:50:42 CEST.
Flavor | Version | Tinstall | Tcheck | Ttotal | Status | Flags |
---|---|---|---|---|---|---|
r-devel-linux-x86_64-debian-clang | 2.2.0 | 16.79 | 85.16 | 101.95 | OK | |
r-devel-linux-x86_64-debian-gcc | 2.2.0 | 11.14 | 56.11 | 67.25 | OK | |
r-devel-linux-x86_64-fedora-clang | 2.2.0 | 148.63 | OK | |||
r-devel-linux-x86_64-fedora-gcc | 2.2.0 | 134.56 | OK | |||
r-devel-windows-x86_64 | 2.2.0 | 16.00 | 94.00 | 110.00 | OK | |
r-patched-linux-x86_64 | OK | |||||
r-release-linux-x86_64 | 2.2.0 | 15.28 | 74.30 | 89.58 | OK | |
r-release-macos-arm64 | 2.2.0 | 39.00 | OK | |||
r-release-macos-x86_64 | 2.2.0 | 81.00 | OK | |||
r-release-windows-x86_64 | 2.2.0 | 16.00 | 94.00 | 110.00 | OK | |
r-oldrel-macos-arm64 | 2.2.0 | 41.00 | NOTE | |||
r-oldrel-macos-x86_64 | 2.2.0 | 78.00 | NOTE | |||
r-oldrel-windows-x86_64 | 2.2.0 | 20.00 | 114.00 | 134.00 | NOTE |
Version: 2.2.0
Check: installed package size
Result: NOTE
installed size is 6.0Mb
sub-directories of 1Mb or more:
extdata 5.0Mb
Flavors: r-oldrel-macos-arm64, r-oldrel-macos-x86_64, r-oldrel-windows-x86_64
These binaries (installable software) and packages are in development.
They may not be fully stable and should be used with caution. We make no claims about them.