CRAN Package Check Results for Package growthcleanr

Last updated on 2025-05-08 04:52:06 CEST.

Flavor Version Tinstall Tcheck Ttotal Status Flags
r-devel-linux-x86_64-debian-clang 2.2.0 16.16 82.24 98.40 OK
r-devel-linux-x86_64-debian-gcc 2.2.0 11.36 55.14 66.50 OK
r-devel-linux-x86_64-fedora-clang 2.2.0 160.64 OK
r-devel-linux-x86_64-fedora-gcc 2.2.0 151.11 OK
r-devel-windows-x86_64 2.2.0 16.00 93.00 109.00 OK
r-patched-linux-x86_64 2.2.0 13.64 74.82 88.46 OK
r-release-linux-x86_64 2.2.0 16.56 74.05 90.61 OK
r-release-macos-arm64 2.2.0 39.00 OK
r-release-macos-x86_64 2.2.0 81.00 OK
r-release-windows-x86_64 2.2.0 15.00 90.00 105.00 OK
r-oldrel-macos-arm64 2.2.0 41.00 NOTE
r-oldrel-macos-x86_64 2.2.0 78.00 NOTE
r-oldrel-windows-x86_64 2.2.0 23.00 111.00 134.00 NOTE

Check Details

Version: 2.2.0
Check: installed package size
Result: NOTE installed size is 6.0Mb sub-directories of 1Mb or more: extdata 5.0Mb Flavors: r-oldrel-macos-arm64, r-oldrel-macos-x86_64, r-oldrel-windows-x86_64

These binaries (installable software) and packages are in development.
They may not be fully stable and should be used with caution. We make no claims about them.