Last updated on 2025-05-21 21:49:18 CEST.
Flavor | Version | Tinstall | Tcheck | Ttotal | Status | Flags |
---|---|---|---|---|---|---|
r-devel-linux-x86_64-debian-clang | 1.0.2 | 26.36 | 59.39 | 85.75 | NOTE | |
r-devel-linux-x86_64-debian-gcc | 1.0.2 | 21.89 | 44.62 | 66.51 | NOTE | |
r-devel-linux-x86_64-fedora-clang | 1.0.2 | 149.73 | OK | |||
r-devel-linux-x86_64-fedora-gcc | 1.0.2 | 148.18 | OK | |||
r-devel-windows-x86_64 | 1.0.2 | 32.00 | 95.00 | 127.00 | OK | |
r-patched-linux-x86_64 | 1.0.2 | 29.49 | 57.15 | 86.64 | OK | |
r-release-linux-x86_64 | 1.0.2 | 27.95 | 57.07 | 85.02 | OK | |
r-release-macos-arm64 | 1.0.2 | 44.00 | OK | |||
r-release-macos-x86_64 | 1.0.2 | 83.00 | OK | |||
r-release-windows-x86_64 | 1.0.2 | 31.00 | 99.00 | 130.00 | OK | |
r-oldrel-macos-arm64 | 1.0.2 | 40.00 | OK | |||
r-oldrel-macos-x86_64 | 1.0.2 | 99.00 | OK | |||
r-oldrel-windows-x86_64 | 1.0.2 | 37.00 | 109.00 | 146.00 | OK |
Version: 1.0.2
Check: CRAN incoming feasibility
Result: NOTE
Maintainer: ‘Xuan Dang <xuandang11289@gmail.com>’
No Authors@R field in DESCRIPTION.
Please add one, modifying
Authors@R: person(given = "Xuan",
family = "Dang",
role = c("aut", "cre"),
email = "xuandang11289@gmail.com")
as necessary.
Flavors: r-devel-linux-x86_64-debian-clang, r-devel-linux-x86_64-debian-gcc
These binaries (installable software) and packages are in development.
They may not be fully stable and should be used with caution. We make no claims about them.