Last updated on 2025-10-24 13:49:39 CEST.
| Flavor | Version | Tinstall | Tcheck | Ttotal | Status | Flags |
|---|---|---|---|---|---|---|
| r-devel-linux-x86_64-debian-clang | 0.4-7 | 3.02 | 32.33 | 35.35 | NOTE | |
| r-devel-linux-x86_64-debian-gcc | 0.4-7 | 2.31 | 25.24 | 27.55 | NOTE | |
| r-devel-linux-x86_64-fedora-clang | 0.4-7 | 13.00 | 40.33 | 53.33 | OK | |
| r-devel-linux-x86_64-fedora-gcc | 0.4-7 | 50.12 | OK | |||
| r-devel-windows-x86_64 | 0.4-7 | 6.00 | 54.00 | 60.00 | OK | |
| r-patched-linux-x86_64 | 0.4-7 | 3.14 | 30.48 | 33.62 | OK | |
| r-release-linux-x86_64 | 0.4-7 | 3.34 | 30.62 | 33.96 | OK | |
| r-release-macos-arm64 | 0.4-7 | 2.00 | 23.00 | 25.00 | OK | |
| r-release-macos-x86_64 | 0.4-7 | 7.00 | 52.00 | 59.00 | OK | |
| r-release-windows-x86_64 | 0.4-7 | 4.00 | 60.00 | 64.00 | OK | |
| r-oldrel-macos-arm64 | 0.4-7 | 2.00 | 25.00 | 27.00 | OK | |
| r-oldrel-macos-x86_64 | 0.4-7 | 3.00 | 27.00 | 30.00 | OK | |
| r-oldrel-windows-x86_64 | 0.4-7 | 5.00 | 54.00 | 59.00 | OK |
Version: 0.4-7
Check: CRAN incoming feasibility
Result: NOTE
Maintainer: ‘Lukas Meier <meier@stat.math.ethz.ch>’
No Authors@R field in DESCRIPTION.
Please add one, modifying
Authors@R: person(given = "Lukas",
family = "Meier",
role = c("aut", "cre"),
email = "meier@stat.math.ethz.ch")
as necessary.
Flavors: r-devel-linux-x86_64-debian-clang, r-devel-linux-x86_64-debian-gcc
These binaries (installable software) and packages are in development.
They may not be fully stable and should be used with caution. We make no claims about them.