Last updated on 2024-07-27 15:50:19 CEST.
Flavor | Version | Tinstall | Tcheck | Ttotal | Status | Flags |
---|---|---|---|---|---|---|
r-devel-linux-x86_64-debian-clang | 3.4.0 | 16.57 | 97.14 | 113.71 | NOTE | |
r-devel-linux-x86_64-debian-gcc | 3.4.0 | NOTE | ||||
r-devel-linux-x86_64-fedora-clang | 3.4.0 | 139.06 | NOTE | |||
r-devel-linux-x86_64-fedora-gcc | 3.4.0 | 146.10 | NOTE | |||
r-devel-windows-x86_64 | 3.4.0 | 19.00 | 96.00 | 115.00 | NOTE | |
r-patched-linux-x86_64 | 3.4.0 | NOTE | ||||
r-release-linux-x86_64 | 3.4.0 | 13.04 | 91.39 | 104.43 | NOTE | |
r-release-macos-arm64 | 3.4.0 | 48.00 | NOTE | |||
r-release-macos-x86_64 | 3.4.0 | 93.00 | NOTE | |||
r-release-windows-x86_64 | 3.4.0 | 18.00 | 95.00 | 113.00 | NOTE | |
r-oldrel-macos-arm64 | 3.4.0 | 52.00 | OK | |||
r-oldrel-macos-x86_64 | 3.4.0 | 83.00 | OK | |||
r-oldrel-windows-x86_64 | 3.4.0 | 21.00 | 110.00 | 131.00 | OK |
Version: 3.4.0
Check: Rd files
Result: NOTE
checkRd: (-1) Birthwt.Rd:18: Lost braces in \itemize; meant \describe ?
checkRd: (-1) Birthwt.Rd:19: Lost braces in \itemize; meant \describe ?
checkRd: (-1) Birthwt.Rd:20: Lost braces in \itemize; meant \describe ?
checkRd: (-1) Birthwt.Rd:21-22: Lost braces in \itemize; meant \describe ?
checkRd: (-1) Birthwt.Rd:26-28: Lost braces in \itemize; meant \describe ?
checkRd: (-1) Birthwt.Rd:29-31: Lost braces in \itemize; meant \describe ?
checkRd: (-1) Birthwt.Rd:32-33: Lost braces in \itemize; meant \describe ?
checkRd: (-1) Birthwt.Rd:34: Lost braces in \itemize; meant \describe ?
checkRd: (-1) Birthwt.Rd:35-37: Lost braces in \itemize; meant \describe ?
checkRd: (-1) Birthwt.Rd:38: Lost braces in \itemize; meant \describe ?
checkRd: (-1) Birthwt.Rd:39: Lost braces in \itemize; meant \describe ?
checkRd: (-1) Birthwt.Rd:40-43: Lost braces in \itemize; meant \describe ?
checkRd: (-1) Lung.Rd:14-16: Lost braces in \itemize; meant \describe ?
checkRd: (-1) Lung.Rd:17: Lost braces in \itemize; meant \describe ?
checkRd: (-1) Lung.Rd:18-19: Lost braces in \itemize; meant \describe ?
checkRd: (-1) Lung.Rd:23-24: Lost braces in \itemize; meant \describe ?
checkRd: (-1) Lung.Rd:25-27: Lost braces in \itemize; meant \describe ?
checkRd: (-1) Lung.Rd:28-30: Lost braces in \itemize; meant \describe ?
checkRd: (-1) Lung.Rd:31-33: Lost braces in \itemize; meant \describe ?
checkRd: (-1) Lung.Rd:34: Lost braces in \itemize; meant \describe ?
checkRd: (-1) Lung.Rd:36-38: Lost braces in \itemize; meant \describe ?
Flavors: r-devel-linux-x86_64-debian-clang, r-devel-linux-x86_64-debian-gcc, r-devel-linux-x86_64-fedora-clang, r-devel-linux-x86_64-fedora-gcc, r-devel-windows-x86_64, r-patched-linux-x86_64, r-release-linux-x86_64, r-release-macos-arm64, r-release-macos-x86_64, r-release-windows-x86_64
These binaries (installable software) and packages are in development.
They may not be fully stable and should be used with caution. We make no claims about them.