Last updated on 2025-11-11 15:50:35 CET.
| Flavor | Version | Tinstall | Tcheck | Ttotal | Status | Flags |
|---|---|---|---|---|---|---|
| r-devel-linux-x86_64-debian-clang | 0.1 | 18.35 | 379.29 | 397.64 | OK | |
| r-devel-linux-x86_64-debian-gcc | 0.1 | 15.84 | 237.86 | 253.70 | OK | |
| r-devel-linux-x86_64-fedora-clang | 0.1 | 119.00 | 575.15 | 694.15 | OK | |
| r-devel-linux-x86_64-fedora-gcc | 0.1 | 59.00 | 591.95 | 650.95 | OK | |
| r-devel-windows-x86_64 | 0.1 | 27.00 | 341.00 | 368.00 | OK | |
| r-patched-linux-x86_64 | 0.1 | 24.12 | 358.30 | 382.42 | OK | |
| r-release-linux-x86_64 | 0.1 | 18.99 | 361.84 | 380.83 | OK | |
| r-release-macos-arm64 | 0.1 | 12.00 | 155.00 | 167.00 | OK | |
| r-release-macos-x86_64 | 0.1 | 17.00 | 362.00 | 379.00 | OK | |
| r-release-windows-x86_64 | 0.1 | 30.00 | 338.00 | 368.00 | OK | |
| r-oldrel-macos-arm64 | 0.1 | 9.00 | 148.00 | 157.00 | NOTE | |
| r-oldrel-macos-x86_64 | 0.1 | 21.00 | 371.00 | 392.00 | NOTE | |
| r-oldrel-windows-x86_64 | 0.1 | 35.00 | 463.00 | 498.00 | OK |
Version: 0.1
Check: installed package size
Result: NOTE
installed size is 5.1Mb
sub-directories of 1Mb or more:
doc 1.6Mb
libs 2.4Mb
Flavors: r-oldrel-macos-arm64, r-oldrel-macos-x86_64
These binaries (installable software) and packages are in development.
They may not be fully stable and should be used with caution. We make no claims about them.