Last updated on 2025-05-01 08:52:35 CEST.
Flavor | Version | Tinstall | Tcheck | Ttotal | Status | Flags |
---|---|---|---|---|---|---|
r-devel-linux-x86_64-debian-clang | 1.1.3 | 27.81 | 585.27 | 613.08 | NOTE | |
r-devel-linux-x86_64-debian-gcc | 1.1.3 | 19.74 | 300.67 | 320.41 | NOTE | |
r-devel-linux-x86_64-fedora-clang | 1.1.3 | 796.90 | NOTE | |||
r-devel-linux-x86_64-fedora-gcc | 1.1.3 | 695.84 | NOTE | |||
r-devel-windows-x86_64 | 1.1.3 | 33.00 | 428.00 | 461.00 | NOTE | |
r-patched-linux-x86_64 | 1.1.3 | 27.68 | 407.03 | 434.71 | NOTE | |
r-release-linux-x86_64 | NOTE | |||||
r-release-macos-arm64 | 1.1.3 | 183.00 | NOTE | |||
r-release-macos-x86_64 | 1.1.3 | 398.00 | NOTE | |||
r-release-windows-x86_64 | 1.1.3 | 32.00 | 443.00 | 475.00 | NOTE | |
r-oldrel-macos-arm64 | 1.1.3 | 300.00 | OK | |||
r-oldrel-macos-x86_64 | 1.1.3 | 373.00 | OK | |||
r-oldrel-windows-x86_64 | 1.1.3 | 40.00 | 625.00 | 665.00 | OK |
Version: 1.1.3
Check: DESCRIPTION meta-information
Result: NOTE
Missing dependency on R >= 4.1.0 because package code uses the pipe
|> or function shorthand \(...) syntax added in R 4.1.0.
File(s) using such syntax:
‘expected_time.R’ ‘gs_info_ahr.R’ ‘gs_update_ahr.Rd’ ‘to_integer.Rd’
Flavors: r-devel-linux-x86_64-debian-clang, r-devel-linux-x86_64-debian-gcc, r-devel-linux-x86_64-fedora-clang, r-devel-linux-x86_64-fedora-gcc, r-devel-windows-x86_64, r-patched-linux-x86_64, r-release-linux-x86_64, r-release-macos-arm64, r-release-windows-x86_64
Version: 1.1.3
Check: examples
Result: NOTE
Examples with CPU (user + system) or elapsed time > 5s
user system elapsed
gs_update_ahr 18.289 0.546 14.354
gs_design_wlr 16.803 0.375 14.007
fixed_design 5.813 0.192 6.231
Flavor: r-devel-linux-x86_64-debian-clang
Version: 1.1.3
Check: examples
Result: NA
user system elapsed
gs_update_ahr 9.573 0.136 10.416
gs_design_wlr 8.452 0.193 10.695
OK
Flavor: r-devel-linux-x86_64-debian-gcc
Version: 1.1.3
Check: DESCRIPTION meta-information
Result: NOTE
Missing dependency on R >= 4.1.0 because package code uses the pipe
|> or function shorthand \(...) syntax added in R 4.1.0.
File(s) using such syntax:
‘expected_time.R’ ‘gs_info_ahr.R’
Flavor: r-release-macos-x86_64
These binaries (installable software) and packages are in development.
They may not be fully stable and should be used with caution. We make no claims about them.