Last updated on 2025-05-01 08:52:35 CEST.
Flavor | Version | Tinstall | Tcheck | Ttotal | Status | Flags |
---|---|---|---|---|---|---|
r-devel-linux-x86_64-debian-clang | 1.5 | 9.38 | 28.23 | 37.61 | NOTE | |
r-devel-linux-x86_64-debian-gcc | 1.5 | 7.45 | 22.57 | 30.02 | NOTE | |
r-devel-linux-x86_64-fedora-clang | 1.5 | 65.63 | OK | |||
r-devel-linux-x86_64-fedora-gcc | 1.5 | 81.91 | OK | |||
r-devel-windows-x86_64 | 1.5 | 14.00 | 67.00 | 81.00 | OK | |
r-patched-linux-x86_64 | 1.5 | 9.94 | 27.30 | 37.24 | OK | |
r-release-linux-x86_64 | OK | |||||
r-release-macos-arm64 | 1.5 | 46.00 | OK | |||
r-release-macos-x86_64 | 1.5 | 58.00 | OK | |||
r-release-windows-x86_64 | 1.5 | 13.00 | 69.00 | 82.00 | OK | |
r-oldrel-macos-arm64 | 1.5 | 31.00 | OK | |||
r-oldrel-macos-x86_64 | 1.5 | 66.00 | OK | |||
r-oldrel-windows-x86_64 | 1.5 | 12.00 | 74.00 | 86.00 | OK |
Version: 1.5
Check: CRAN incoming feasibility
Result: NOTE
Maintainer: ‘Daniel Greene <dg333@cam.ac.uk>’
No Authors@R field in DESCRIPTION.
Please add one, modifying
Authors@R: person(given = "Daniel",
family = "Greene",
role = c("aut", "cre"),
email = "dg333@cam.ac.uk")
as necessary.
Flavors: r-devel-linux-x86_64-debian-clang, r-devel-linux-x86_64-debian-gcc
These binaries (installable software) and packages are in development.
They may not be fully stable and should be used with caution. We make no claims about them.