CRAN Package Check Results for Package gsEasy

Last updated on 2025-10-23 23:49:31 CEST.

Flavor Version Tinstall Tcheck Ttotal Status Flags
r-devel-linux-x86_64-debian-clang 1.5 10.86 29.96 40.82 NOTE
r-devel-linux-x86_64-debian-gcc 1.5 6.97 23.91 30.88 NOTE
r-devel-linux-x86_64-fedora-clang 1.5 33.00 33.68 66.68 OK
r-devel-linux-x86_64-fedora-gcc 1.5 25.00 55.38 80.38 OK
r-devel-windows-x86_64 1.5 13.00 63.00 76.00 OK
r-patched-linux-x86_64 1.5 10.60 28.37 38.97 OK
r-release-linux-x86_64 1.5 10.10 28.33 38.43 OK
r-release-macos-arm64 1.5 5.00 41.00 46.00 OK
r-release-macos-x86_64 1.5 8.00 50.00 58.00 OK
r-release-windows-x86_64 1.5 14.00 68.00 82.00 OK
r-oldrel-macos-arm64 1.5 6.00 25.00 31.00 OK
r-oldrel-macos-x86_64 1.5 11.00 55.00 66.00 OK
r-oldrel-windows-x86_64 1.5 14.00 78.00 92.00 OK

Check Details

Version: 1.5
Check: CRAN incoming feasibility
Result: NOTE Maintainer: ‘Daniel Greene <dg333@cam.ac.uk>’ No Authors@R field in DESCRIPTION. Please add one, modifying Authors@R: person(given = "Daniel", family = "Greene", role = c("aut", "cre"), email = "dg333@cam.ac.uk") as necessary. Flavors: r-devel-linux-x86_64-debian-clang, r-devel-linux-x86_64-debian-gcc

These binaries (installable software) and packages are in development.
They may not be fully stable and should be used with caution. We make no claims about them.