CRAN Package Check Results for Package gsaot

Last updated on 2025-05-08 04:52:06 CEST.

Flavor Version Tinstall Tcheck Ttotal Status Flags
r-devel-linux-x86_64-debian-clang 0.2.0 26.36 51.46 77.82 OK
r-devel-linux-x86_64-debian-gcc 0.2.0 19.80 38.06 57.86 OK
r-devel-linux-x86_64-fedora-clang 0.2.0 134.30 OK
r-devel-linux-x86_64-fedora-gcc 0.2.0 152.27 OK
r-devel-windows-x86_64 0.2.0 32.00 86.00 118.00 OK
r-patched-linux-x86_64 0.2.0 28.08 49.54 77.62 OK
r-release-linux-x86_64 0.2.0 28.96 49.05 78.01 OK
r-release-macos-arm64 0.2.0 46.00 OK
r-release-macos-x86_64 0.2.0 73.00 OK
r-release-windows-x86_64 0.2.0 33.00 101.00 134.00 OK
r-oldrel-macos-arm64 0.2.0 51.00 NOTE
r-oldrel-macos-x86_64 0.2.0 80.00 NOTE
r-oldrel-windows-x86_64 0.2.0 39.00 106.00 145.00 OK

Check Details

Version: 0.2.0
Check: installed package size
Result: NOTE installed size is 8.2Mb sub-directories of 1Mb or more: help 1.8Mb libs 6.1Mb Flavors: r-oldrel-macos-arm64, r-oldrel-macos-x86_64

These binaries (installable software) and packages are in development.
They may not be fully stable and should be used with caution. We make no claims about them.