Last updated on 2025-11-16 07:49:35 CET.
| Flavor | Version | Tinstall | Tcheck | Ttotal | Status | Flags |
|---|---|---|---|---|---|---|
| r-devel-linux-x86_64-debian-clang | 1.1.1 | 28.57 | 60.51 | 89.08 | OK | |
| r-devel-linux-x86_64-debian-gcc | 1.1.1 | 20.07 | 44.93 | 65.00 | OK | |
| r-devel-linux-x86_64-fedora-clang | 1.1.1 | 124.00 | 34.57 | 158.57 | OK | |
| r-devel-linux-x86_64-fedora-gcc | 1.1.1 | 45.00 | 109.67 | 154.67 | OK | |
| r-devel-windows-x86_64 | 1.1.1 | 43.00 | 93.00 | 136.00 | OK | |
| r-patched-linux-x86_64 | 1.1.1 | 29.31 | 58.81 | 88.12 | OK | |
| r-release-linux-x86_64 | 1.1.1 | 28.55 | 58.58 | 87.13 | OK | |
| r-release-macos-arm64 | 1.1.1 | 13.00 | 39.00 | 52.00 | OK | |
| r-release-macos-x86_64 | 1.1.1 | 20.00 | 71.00 | 91.00 | OK | |
| r-release-windows-x86_64 | 1.1.1 | 35.00 | 94.00 | 129.00 | OK | |
| r-oldrel-macos-arm64 | 1.1.1 | 13.00 | 43.00 | 56.00 | NOTE | |
| r-oldrel-macos-x86_64 | 1.1.1 | 17.00 | 69.00 | 86.00 | NOTE | |
| r-oldrel-windows-x86_64 | 1.1.1 | 43.00 | 126.00 | 169.00 | OK |
Version: 1.1.1
Check: installed package size
Result: NOTE
installed size is 8.2Mb
sub-directories of 1Mb or more:
help 1.9Mb
libs 6.1Mb
Flavors: r-oldrel-macos-arm64, r-oldrel-macos-x86_64
These binaries (installable software) and packages are in development.
They may not be fully stable and should be used with caution. We make no claims about them.